CRAN Package Check Results for Package TScompare

Last updated on 2021-07-23 19:50:19 CEST.

Flavor Version Tinstall Tcheck Ttotal Status Flags
r-devel-linux-x86_64-debian-clang 2015.4-1 2.58 35.07 37.65 NOTE
r-devel-linux-x86_64-debian-gcc 2015.4-1 2.59 27.69 30.28 NOTE
r-devel-linux-x86_64-fedora-clang 2015.4-1 53.49 NOTE
r-devel-linux-x86_64-fedora-gcc 2015.4-1 43.29 NOTE
r-devel-windows-x86_64 2015.4-1 4.00 41.00 45.00 NOTE
r-devel-windows-x86_64-gcc10-UCRT 2015.4-1 NOTE
r-patched-linux-x86_64 2015.4-1 3.09 34.99 38.08 NOTE
r-patched-solaris-x86 2015.4-1 66.90 NOTE
r-release-linux-x86_64 2015.4-1 3.06 35.24 38.30 NOTE
r-release-macos-arm64 2015.4-1 NOTE
r-release-macos-x86_64 2015.4-1 NOTE
r-release-windows-ix86+x86_64 2015.4-1 8.00 47.00 55.00 NOTE
r-oldrel-macos-x86_64 2015.4-1 NOTE
r-oldrel-windows-ix86+x86_64 2015.4-1 8.00 55.00 63.00 NOTE

Check Details

Version: 2015.4-1
Check: R code for possible problems
Result: NOTE
    tfDetails: no visible global function definition for 'start'
    tfDetails: no visible global function definition for 'end'
    Undefined global functions or variables:
     end start
    Consider adding
     importFrom("stats", "end", "start")
    to your NAMESPACE file.
Flavors: r-devel-linux-x86_64-debian-clang, r-devel-linux-x86_64-debian-gcc, r-devel-linux-x86_64-fedora-clang, r-devel-linux-x86_64-fedora-gcc, r-devel-windows-x86_64, r-devel-windows-x86_64-gcc10-UCRT, r-patched-linux-x86_64, r-patched-solaris-x86, r-release-linux-x86_64, r-release-macos-arm64, r-release-macos-x86_64, r-release-windows-ix86+x86_64, r-oldrel-macos-x86_64, r-oldrel-windows-ix86+x86_64

Version: 2015.4-1
Check: package dependencies
Result: NOTE
    Package which this enhances but not available for checking: ‘TSPostgreSQL’
Flavor: r-devel-linux-x86_64-debian-gcc

Version: 2015.4-1
Check: package dependencies
Result: NOTE
    Package which this enhances but not available for checking: ‘TSodbc’
Flavors: r-release-macos-arm64, r-release-macos-x86_64, r-oldrel-macos-x86_64