CRAN Package Check Results for Package TSS.RESTREND

Last updated on 2021-08-04 13:53:22 CEST.

Flavor Version Tinstall Tcheck Ttotal Status Flags
r-devel-linux-x86_64-debian-clang 0.3.1 10.21 83.13 93.34 OK
r-devel-linux-x86_64-debian-gcc 0.3.1 8.53 62.02 70.55 OK
r-devel-linux-x86_64-fedora-clang 0.3.1 117.85 NOTE
r-devel-linux-x86_64-fedora-gcc 0.3.1 105.39 OK
r-devel-windows-x86_64 0.3.1 19.00 103.00 122.00 OK
r-devel-windows-x86_64-gcc10-UCRT 0.3.1 OK
r-patched-linux-x86_64 0.3.1 10.28 76.75 87.03 OK
r-patched-solaris-x86 0.3.1 146.80 OK
r-release-linux-x86_64 0.3.1 10.45 77.36 87.81 OK
r-release-macos-arm64 0.3.1 OK
r-release-macos-x86_64 0.3.1 OK
r-release-windows-ix86+x86_64 0.3.1 23.00 75.00 98.00 OK
r-oldrel-macos-x86_64 0.3.1 OK
r-oldrel-windows-ix86+x86_64 0.3.1 29.00 115.00 144.00 OK

Check Details

Version: 0.3.1
Check: Rd cross-references
Result: NOTE
    Undeclared package ‘gimms’ in Rd xrefs
Flavor: r-devel-linux-x86_64-fedora-clang