CRAN Package Check Results for Package TSMSN

Last updated on 2022-06-26 12:55:01 CEST.

Flavor Version Tinstall Tcheck Ttotal Status Flags
r-devel-linux-x86_64-debian-clang 0.0.1 3.21 29.44 32.65 NOTE
r-devel-linux-x86_64-debian-gcc 0.0.1 2.82 23.04 25.86 NOTE
r-devel-linux-x86_64-fedora-clang 0.0.1 50.77 NOTE
r-devel-linux-x86_64-fedora-gcc 0.0.1 50.28 NOTE
r-devel-windows-x86_64 0.0.1 10.00 61.00 71.00 NOTE
r-patched-linux-x86_64 0.0.1 2.60 29.66 32.26 NOTE
r-release-linux-x86_64 0.0.1 2.75 29.56 32.31 NOTE
r-release-macos-arm64 0.0.1 16.00 NOTE
r-release-macos-x86_64 0.0.1 25.00 NOTE
r-release-windows-x86_64 0.0.1 10.00 61.00 71.00 NOTE
r-oldrel-macos-arm64 0.0.1 22.00 NOTE
r-oldrel-macos-x86_64 0.0.1 25.00 NOTE
r-oldrel-windows-ix86+x86_64 0.0.1 7.00 50.00 57.00 NOTE

Check Details

Version: 0.0.1
Check: LazyData
Result: NOTE
     'LazyData' is specified without a 'data' directory
Flavors: r-devel-linux-x86_64-debian-clang, r-devel-linux-x86_64-debian-gcc, r-devel-linux-x86_64-fedora-clang, r-devel-linux-x86_64-fedora-gcc, r-devel-windows-x86_64, r-patched-linux-x86_64, r-release-linux-x86_64, r-release-macos-arm64, r-release-macos-x86_64, r-release-windows-x86_64, r-oldrel-macos-arm64, r-oldrel-macos-x86_64, r-oldrel-windows-ix86+x86_64