CRAN Package Check Results for Package TSGSIS

Last updated on 2023-02-08 18:51:36 CET.

Flavor Version Tinstall Tcheck Ttotal Status Flags
r-devel-linux-x86_64-debian-clang 0.1 8.95 90.40 99.35 NOTE
r-devel-linux-x86_64-debian-gcc 0.1 5.27 68.18 73.45 NOTE
r-devel-linux-x86_64-fedora-clang 0.1 125.27 NOTE
r-devel-linux-x86_64-fedora-gcc 0.1 117.23 NOTE
r-devel-windows-x86_64 0.1 12.00 264.00 276.00 NOTE
r-patched-linux-x86_64 0.1 7.18 88.50 95.68 NOTE
r-release-linux-x86_64 0.1 8.03 88.85 96.88 NOTE
r-release-macos-arm64 0.1 33.00 NOTE
r-release-macos-x86_64 0.1 53.00 NOTE
r-release-windows-x86_64 0.1 11.00 118.00 129.00 NOTE
r-oldrel-macos-arm64 0.1 40.00 NOTE
r-oldrel-macos-x86_64 0.1 63.00 NOTE
r-oldrel-windows-ix86+x86_64 0.1 19.00 111.00 130.00 NOTE

Check Details

Version: 0.1
Check: LazyData
Result: NOTE
     'LazyData' is specified without a 'data' directory
Flavors: r-devel-linux-x86_64-debian-clang, r-devel-linux-x86_64-debian-gcc, r-devel-linux-x86_64-fedora-clang, r-devel-linux-x86_64-fedora-gcc, r-devel-windows-x86_64, r-patched-linux-x86_64, r-release-linux-x86_64, r-release-macos-arm64, r-release-macos-x86_64, r-release-windows-x86_64, r-oldrel-macos-arm64, r-oldrel-macos-x86_64, r-oldrel-windows-ix86+x86_64