CRAN Package Check Results for Package TSCS

Last updated on 2021-08-01 07:52:10 CEST.

Flavor Version Tinstall Tcheck Ttotal Status Flags
r-devel-linux-x86_64-debian-clang 0.1.1 8.31 72.58 80.89 NOTE
r-devel-linux-x86_64-debian-gcc 0.1.1 6.59 54.34 60.93 NOTE
r-devel-linux-x86_64-fedora-clang 0.1.1 104.17 NOTE
r-devel-linux-x86_64-fedora-gcc 0.1.1 92.47 NOTE
r-devel-windows-x86_64 0.1.1 10.00 89.00 99.00 NOTE
r-devel-windows-x86_64-gcc10-UCRT 0.1.1 NOTE
r-patched-linux-x86_64 0.1.1 NOTE
r-patched-solaris-x86 0.1.1 120.20 NOTE
r-release-linux-x86_64 0.1.1 8.19 68.48 76.67 NOTE
r-release-macos-arm64 0.1.1 NOTE
r-release-macos-x86_64 0.1.1 NOTE
r-release-windows-ix86+x86_64 0.1.1 19.00 88.00 107.00 NOTE
r-oldrel-macos-x86_64 0.1.1 OK
r-oldrel-windows-ix86+x86_64 0.1.1 43.00 101.00 144.00 OK

Check Details

Version: 0.1.1
Check: LazyData
Result: NOTE
     'LazyData' is specified without a 'data' directory
Flavors: r-devel-linux-x86_64-debian-clang, r-devel-linux-x86_64-debian-gcc, r-devel-linux-x86_64-fedora-clang, r-devel-linux-x86_64-fedora-gcc, r-devel-windows-x86_64, r-devel-windows-x86_64-gcc10-UCRT, r-patched-linux-x86_64, r-patched-solaris-x86, r-release-linux-x86_64, r-release-macos-arm64, r-release-macos-x86_64, r-release-windows-ix86+x86_64