CRAN Package Check Results for Package TR8

Last updated on 2021-06-23 22:54:34 CEST.

Flavor Version Tinstall Tcheck Ttotal Status Flags
r-devel-linux-x86_64-debian-clang 0.9.22 12.06 111.28 123.34 OK
r-devel-linux-x86_64-debian-gcc 0.9.22 9.26 82.56 91.82 OK
r-devel-linux-x86_64-fedora-clang 0.9.22 152.49 NOTE
r-devel-linux-x86_64-fedora-gcc 0.9.22 136.95 NOTE
r-devel-windows-x86_64 0.9.22 19.00 127.00 146.00 OK
r-devel-windows-x86_64-gcc10-UCRT 0.9.22 ERROR
r-patched-linux-x86_64 0.9.22 11.37 104.28 115.65 OK
r-patched-solaris-x86 0.9.22 204.70 NOTE
r-release-linux-x86_64 0.9.22 10.60 103.09 113.69 OK
r-release-macos-arm64 0.9.22 NOTE
r-release-macos-x86_64 0.9.22 NOTE
r-release-windows-ix86+x86_64 0.9.22 22.00 99.00 121.00 OK
r-oldrel-macos-x86_64 0.9.22 NOTE

Check Details

Version: 0.9.22
Check: data for non-ASCII characters
Result: NOTE
     Note: found 153 marked Latin-1 strings
     Note: found 108 marked UTF-8 strings
Flavors: r-devel-linux-x86_64-fedora-clang, r-devel-linux-x86_64-fedora-gcc, r-patched-solaris-x86, r-release-macos-arm64, r-release-macos-x86_64, r-oldrel-macos-x86_64

Version: 0.9.22
Check: package dependencies
Result: ERROR
    Package required but not available: 'taxize'
    
    See section 'The DESCRIPTION file' in the 'Writing R Extensions'
    manual.
Flavor: r-devel-windows-x86_64-gcc10-UCRT