CRAN Package Check Results for Package TDAkit

Last updated on 2021-11-26 19:53:07 CET.

Flavor Version Tinstall Tcheck Ttotal Status Flags
r-devel-linux-x86_64-debian-clang 0.1.2 69.59 167.00 236.59 OK
r-devel-linux-x86_64-debian-gcc 0.1.2 49.43 128.74 178.17 OK
r-devel-linux-x86_64-fedora-clang 0.1.2 312.73 NOTE
r-devel-linux-x86_64-fedora-gcc 0.1.2 288.00 OK
r-devel-windows-x86_64-new-UL 0.1.2 97.00 423.00 520.00 OK
r-devel-windows-x86_64-new-TK 0.1.2 OK
r-devel-windows-x86_64-old 0.1.2 81.00 218.00 299.00 OK
r-patched-linux-x86_64 0.1.2 61.67 159.71 221.38 OK
r-patched-solaris-x86 0.1.2 353.40 OK
r-release-linux-x86_64 0.1.2 OK
r-release-macos-arm64 0.1.2 OK
r-release-macos-x86_64 0.1.2 OK
r-release-windows-ix86+x86_64 0.1.2 171.00 196.00 367.00 OK
r-oldrel-macos-x86_64 0.1.2 OK
r-oldrel-windows-ix86+x86_64 0.1.2 173.00 277.00 450.00 OK

Check Details

Version: 0.1.2
Check: Rd cross-references
Result: NOTE
    Undeclared package ‘Rtsne’ in Rd xrefs
Flavor: r-devel-linux-x86_64-fedora-clang