CRAN Package Check Results for Package SynthTools

Last updated on 2024-06-13 06:58:20 CEST.

Flavor Version Tinstall Tcheck Ttotal Status Flags
r-devel-linux-x86_64-debian-clang 1.0.1 3.04 35.84 38.88 OK
r-devel-linux-x86_64-debian-gcc 1.0.1 0.35 1.70 2.05 ERROR
r-devel-linux-x86_64-fedora-clang 1.0.1 48.70 NOTE
r-devel-linux-x86_64-fedora-gcc 1.0.1 44.70 NOTE
r-devel-windows-x86_64 1.0.1 4.00 55.00 59.00 OK
r-patched-linux-x86_64 1.0.1 2.72 34.24 36.96 OK
r-release-linux-x86_64 1.0.1 2.70 33.60 36.30 OK
r-release-macos-arm64 1.0.1 21.00 OK
r-release-macos-x86_64 1.0.1 29.00 OK
r-release-windows-x86_64 1.0.1 4.00 55.00 59.00 OK
r-oldrel-macos-arm64 1.0.1 22.00 OK
r-oldrel-macos-x86_64 1.0.1 29.00 OK
r-oldrel-windows-x86_64 1.0.1 4.00 57.00 61.00 OK

Check Details

Version: 1.0.1
Check: package dependencies
Result: ERROR Package required but not available: ‘dplyr’ Packages suggested but not available for checking: 'synthpop', 'testthat' See section ‘The DESCRIPTION file’ in the ‘Writing R Extensions’ manual. Flavor: r-devel-linux-x86_64-debian-gcc

Version: 1.0.1
Check: dependencies in R code
Result: NOTE Namespace in Imports field not imported from: ‘utils’ All declared Imports should be used. Flavors: r-devel-linux-x86_64-fedora-clang, r-devel-linux-x86_64-fedora-gcc