CRAN Package Check Results for Package Synth

Last updated on 2021-11-26 19:53:07 CET.

Flavor Version Tinstall Tcheck Ttotal Status Flags
r-devel-linux-x86_64-debian-clang 1.1-5 5.19 44.95 50.14 NOTE
r-devel-linux-x86_64-debian-gcc 1.1-5 4.08 35.34 39.42 NOTE
r-devel-linux-x86_64-fedora-clang 1.1-5 71.49 NOTE
r-devel-linux-x86_64-fedora-gcc 1.1-5 60.80 NOTE
r-devel-windows-x86_64-new-UL 1.1-5 12.00 82.00 94.00 NOTE
r-devel-windows-x86_64-new-TK 1.1-5 NOTE
r-devel-windows-x86_64-old 1.1-5 8.00 78.00 86.00 NOTE
r-patched-linux-x86_64 1.1-5 7.26 43.73 50.99 NOTE
r-patched-solaris-x86 1.1-5 87.80 NOTE
r-release-linux-x86_64 1.1-5 NOTE
r-release-macos-arm64 1.1-5 NOTE
r-release-macos-x86_64 1.1-5 NOTE
r-release-windows-ix86+x86_64 1.1-5 13.00 49.00 62.00 NOTE
r-oldrel-macos-x86_64 1.1-5 NOTE
r-oldrel-windows-ix86+x86_64 1.1-5 8.00 68.00 76.00 NOTE

Check Details

Version: 1.1-5
Check: dependencies in R code
Result: NOTE
    'library' or 'require' calls in package code:
     'LowRankQP' 'rgenoud'
     Please use :: or requireNamespace() instead.
     See section 'Suggested packages' in the 'Writing R Extensions' manual.
Flavors: r-devel-linux-x86_64-debian-clang, r-devel-linux-x86_64-debian-gcc, r-devel-linux-x86_64-fedora-clang, r-devel-linux-x86_64-fedora-gcc, r-devel-windows-x86_64-new-UL, r-devel-windows-x86_64-new-TK, r-devel-windows-x86_64-old, r-patched-linux-x86_64, r-patched-solaris-x86, r-release-linux-x86_64, r-release-macos-arm64, r-release-macos-x86_64, r-release-windows-ix86+x86_64, r-oldrel-macos-x86_64, r-oldrel-windows-ix86+x86_64

Version: 1.1-5
Check: R code for possible problems
Result: NOTE
    fn.V: no visible global function definition for 'LowRankQP'
    gaps.plot: no visible global function definition for 'abline'
    path.plot: no visible global function definition for 'lines'
    path.plot: no visible global function definition for 'abline'
    path.plot: no visible global function definition for 'legend'
    synth: no visible binding for global variable 'sd'
    synth: no visible binding for global variable 'var'
    synth: no visible global function definition for 'LowRankQP'
    Undefined global functions or variables:
     LowRankQP abline legend lines sd var
    Consider adding
     importFrom("graphics", "abline", "legend", "lines")
     importFrom("stats", "sd", "var")
    to your NAMESPACE file.
Flavors: r-devel-linux-x86_64-debian-clang, r-devel-linux-x86_64-debian-gcc, r-devel-linux-x86_64-fedora-clang, r-devel-linux-x86_64-fedora-gcc, r-devel-windows-x86_64-new-UL, r-devel-windows-x86_64-new-TK, r-devel-windows-x86_64-old, r-patched-linux-x86_64, r-patched-solaris-x86, r-release-linux-x86_64, r-release-macos-arm64, r-release-macos-x86_64, r-release-windows-ix86+x86_64, r-oldrel-macos-x86_64, r-oldrel-windows-ix86+x86_64