CRAN Package Check Results for Package SymbolicDeterminants

Last updated on 2021-11-26 19:53:07 CET.

Flavor Version Tinstall Tcheck Ttotal Status Flags
r-devel-linux-x86_64-debian-clang 2.0.0 3.26 33.17 36.43 NOTE
r-devel-linux-x86_64-debian-gcc 2.0.0 2.66 25.59 28.25 NOTE
r-devel-linux-x86_64-fedora-clang 2.0.0 54.14 NOTE
r-devel-linux-x86_64-fedora-gcc 2.0.0 43.98 NOTE
r-devel-windows-x86_64-new-UL 2.0.0 8.00 77.00 85.00 NOTE
r-devel-windows-x86_64-new-TK 2.0.0 NOTE
r-devel-windows-x86_64-old 2.0.0 4.00 38.00 42.00 NOTE
r-patched-linux-x86_64 2.0.0 3.31 31.29 34.60 NOTE
r-patched-solaris-x86 2.0.0 62.90 NOTE
r-release-linux-x86_64 2.0.0 NOTE
r-release-macos-arm64 2.0.0 NOTE
r-release-macos-x86_64 2.0.0 NOTE
r-release-windows-ix86+x86_64 2.0.0 7.00 50.00 57.00 NOTE
r-oldrel-macos-x86_64 2.0.0 OK
r-oldrel-windows-ix86+x86_64 2.0.0 6.00 50.00 56.00 OK

Check Details

Version: 2.0.0
Check: LazyData
Result: NOTE
     'LazyData' is specified without a 'data' directory
Flavors: r-devel-linux-x86_64-debian-clang, r-devel-linux-x86_64-debian-gcc, r-devel-linux-x86_64-fedora-clang, r-devel-linux-x86_64-fedora-gcc, r-devel-windows-x86_64-new-UL, r-devel-windows-x86_64-new-TK, r-devel-windows-x86_64-old, r-patched-linux-x86_64, r-patched-solaris-x86, r-release-linux-x86_64, r-release-macos-arm64, r-release-macos-x86_64, r-release-windows-ix86+x86_64