CRAN Package Check Results for Package SurviMChd

Last updated on 2021-09-25 22:54:22 CEST.

Flavor Version Tinstall Tcheck Ttotal Status Flags
r-devel-linux-x86_64-debian-clang 0.1.1 11.11 89.35 100.46 OK
r-devel-linux-x86_64-debian-gcc 0.1.1 9.53 66.46 75.99 OK
r-devel-linux-x86_64-fedora-clang 0.1.1 131.29 NOTE
r-devel-linux-x86_64-fedora-gcc 0.1.1 121.33 NOTE
r-devel-windows-x86_64 0.1.1 14.00 84.00 98.00 OK
r-devel-windows-x86_64-gcc10-UCRT 0.1.1 NOTE
r-patched-linux-x86_64 0.1.1 10.13 82.24 92.37 OK
r-patched-solaris-x86 0.1.1 171.40 NOTE
r-release-linux-x86_64 0.1.1 9.24 83.36 92.60 OK
r-release-macos-arm64 0.1.1 NOTE
r-release-macos-x86_64 0.1.1 NOTE
r-release-windows-ix86+x86_64 0.1.1 29.00 104.00 133.00 OK
r-oldrel-macos-x86_64 0.1.1 NOTE
r-oldrel-windows-ix86+x86_64 0.1.1 17.00 77.00 94.00 OK

Check Details

Version: 0.1.1
Check: dependencies in R code
Result: NOTE
    Namespaces in Imports field not imported from:
     ‘Rdpack’ ‘readr’ ‘rlang’ ‘survival’ ‘tidyverse’ ‘utils’
     All declared Imports should be used.
Flavors: r-devel-linux-x86_64-fedora-clang, r-devel-linux-x86_64-fedora-gcc, r-devel-windows-x86_64-gcc10-UCRT, r-patched-solaris-x86, r-release-macos-arm64, r-release-macos-x86_64, r-oldrel-macos-x86_64