Last updated on 2023-01-31 21:51:51 CET.
Flavor | Version | Tinstall | Tcheck | Ttotal | Status | Flags |
---|---|---|---|---|---|---|
r-devel-linux-x86_64-debian-clang | 0.1.1 | 20.15 | 154.65 | 174.80 | OK | |
r-devel-linux-x86_64-debian-gcc | 0.1.1 | 16.04 | 114.51 | 130.55 | OK | |
r-devel-linux-x86_64-fedora-clang | 0.1.1 | 214.47 | NOTE | |||
r-devel-linux-x86_64-fedora-gcc | 0.1.1 | 206.36 | NOTE | |||
r-devel-windows-x86_64 | 0.1.1 | 26.00 | 176.00 | 202.00 | OK | |
r-patched-linux-x86_64 | 0.1.1 | 17.84 | 149.05 | 166.89 | OK | |
r-release-linux-x86_64 | 0.1.1 | 15.97 | 150.46 | 166.43 | OK | |
r-release-macos-arm64 | 0.1.1 | 57.00 | NOTE | |||
r-release-macos-x86_64 | 0.1.1 | 97.00 | NOTE | |||
r-release-windows-x86_64 | 0.1.1 | 23.00 | 186.00 | 209.00 | OK | |
r-oldrel-macos-arm64 | 0.1.1 | 64.00 | NOTE | |||
r-oldrel-macos-x86_64 | 0.1.1 | 70.00 | NOTE | |||
r-oldrel-windows-ix86+x86_64 | 0.1.1 | 42.00 | 176.00 | 218.00 | OK |
Version: 0.1.1
Check: dependencies in R code
Result: NOTE
Namespace in Imports field not imported from: ‘readr’
All declared Imports should be used.
Flavors: r-devel-linux-x86_64-fedora-clang, r-devel-linux-x86_64-fedora-gcc, r-release-macos-arm64, r-release-macos-x86_64, r-oldrel-macos-arm64, r-oldrel-macos-x86_64