CRAN Package Check Results for Package SuperpixelImageSegmentation

Last updated on 2021-11-26 19:53:07 CET.

Flavor Version Tinstall Tcheck Ttotal Status Flags
r-devel-linux-x86_64-debian-clang 1.0.4 55.90 39.07 94.97 OK
r-devel-linux-x86_64-debian-gcc 1.0.4 44.09 30.00 74.09 OK
r-devel-linux-x86_64-fedora-clang 1.0.4 148.06 OK
r-devel-linux-x86_64-fedora-gcc 1.0.4 140.67 OK
r-devel-windows-x86_64-new-UL 1.0.4 74.00 118.00 192.00 OK
r-devel-windows-x86_64-new-TK 1.0.4 OK
r-devel-windows-x86_64-old 1.0.4 54.00 57.00 111.00 OK
r-patched-linux-x86_64 1.0.4 55.47 39.87 95.34 OK
r-patched-solaris-x86 1.0.4 136.80 OK
r-release-linux-x86_64 1.0.4 OK
r-release-macos-arm64 1.0.4 NOTE
r-release-macos-x86_64 1.0.4 NOTE
r-release-windows-ix86+x86_64 1.0.4 139.00 106.00 245.00 OK
r-oldrel-macos-x86_64 1.0.4 NOTE
r-oldrel-windows-ix86+x86_64 1.0.4 101.00 114.00 215.00 OK

Check Details

Version: 1.0.4
Check: installed package size
Result: NOTE
     installed size is 6.8Mb
     sub-directories of 1Mb or more:
     libs 6.6Mb
Flavors: r-release-macos-arm64, r-release-macos-x86_64, r-oldrel-macos-x86_64