CRAN Package Check Results for Package SuperPCA

Last updated on 2021-12-07 20:52:55 CET.

Flavor Version Tinstall Tcheck Ttotal Status Flags
r-devel-linux-x86_64-debian-clang 0.4.0 10.92 86.42 97.34 OK
r-devel-linux-x86_64-debian-gcc 0.4.0 9.59 67.64 77.23 OK
r-devel-linux-x86_64-fedora-clang 0.4.0 121.36 NOTE
r-devel-linux-x86_64-fedora-gcc 0.4.0 110.87 NOTE
r-devel-windows-x86_64-new-UL 0.4.0 21.00 114.00 135.00 OK
r-devel-windows-x86_64-new-TK 0.4.0 NOTE
r-devel-windows-x86_64-old 0.4.0 17.00 101.00 118.00 OK
r-patched-linux-x86_64 0.4.0 11.50 83.61 95.11 OK
r-release-linux-x86_64 0.4.0 11.12 86.19 97.31 OK
r-release-macos-arm64 0.4.0 NOTE
r-release-macos-x86_64 0.4.0 NOTE
r-release-windows-ix86+x86_64 0.4.0 17.00 98.00 115.00 OK
r-oldrel-macos-x86_64 0.4.0 NOTE
r-oldrel-windows-ix86+x86_64 0.4.0 23.00 104.00 127.00 OK

Check Details

Version: 0.4.0
Check: dependencies in R code
Result: NOTE
    Namespaces in Imports field not imported from:
     ‘R.matlab’ ‘fBasics’ ‘spls’
     All declared Imports should be used.
Flavors: r-devel-linux-x86_64-fedora-clang, r-devel-linux-x86_64-fedora-gcc, r-devel-windows-x86_64-new-TK, r-release-macos-arm64, r-release-macos-x86_64, r-oldrel-macos-x86_64