CRAN Package Check Results for Package SubgrPlots

Last updated on 2021-07-26 01:50:35 CEST.

Flavor Version Tinstall Tcheck Ttotal Status Flags
r-devel-linux-x86_64-debian-clang 0.1.3 32.55 312.47 345.02 OK
r-devel-linux-x86_64-debian-gcc 0.1.3 24.64 228.96 253.60 OK
r-devel-linux-x86_64-fedora-clang 0.1.3 427.94 NOTE
r-devel-linux-x86_64-fedora-gcc 0.1.3 402.27 NOTE
r-devel-windows-x86_64 0.1.3 51.00 351.00 402.00 OK
r-devel-windows-x86_64-gcc10-UCRT 0.1.3 NOTE
r-patched-linux-x86_64 0.1.3 30.83 292.98 323.81 OK
r-patched-solaris-x86 0.1.3 453.30 NOTE
r-release-linux-x86_64 0.1.3 27.77 295.53 323.30 OK
r-release-macos-arm64 0.1.3 WARN
r-release-macos-x86_64 0.1.3 NOTE
r-release-windows-ix86+x86_64 0.1.3 58.00 263.00 321.00 OK
r-oldrel-macos-x86_64 0.1.3 NOTE
r-oldrel-windows-ix86+x86_64 0.1.3 40.00 382.00 422.00 OK

Check Details

Version: 0.1.3
Check: dependencies in R code
Result: NOTE
    Namespaces in Imports field not imported from:
     ‘UpSetR’ ‘alluvial’ ‘gridBase’
     All declared Imports should be used.
Flavors: r-devel-linux-x86_64-fedora-clang, r-devel-linux-x86_64-fedora-gcc, r-devel-windows-x86_64-gcc10-UCRT, r-patched-solaris-x86, r-release-macos-arm64, r-release-macos-x86_64, r-oldrel-macos-x86_64

Version: 0.1.3
Check: re-building of vignette outputs
Result: WARN
    Error(s) in re-building vignettes:
     ...
    --- re-building ‘package_functions.Rmd’ using rmarkdown
    Warning in engine$weave(file, quiet = quiet, encoding = enc) :
     Pandoc (>= 1.12.3) not available. Falling back to R Markdown v1.
    Quitting from lines 81-103 (package_functions.Rmd)
    Error: processing vignette 'package_functions.Rmd' failed with diagnostics:
    polygon edge not found
    --- failed re-building ‘package_functions.Rmd’
    
    SUMMARY: processing the following file failed:
     ‘package_functions.Rmd’
    
    Error: Vignette re-building failed.
    Execution halted
Flavor: r-release-macos-arm64