CRAN Package Check Results for Package SubgrPlots

Last updated on 2022-11-30 20:55:26 CET.

Flavor Version Tinstall Tcheck Ttotal Status Flags
r-devel-linux-x86_64-debian-clang 0.1.3 37.33 338.03 375.36 OK
r-devel-linux-x86_64-debian-gcc 0.1.3 27.11 245.17 272.28 OK
r-devel-linux-x86_64-fedora-clang 0.1.3 467.04 NOTE
r-devel-linux-x86_64-fedora-gcc 0.1.3 479.32 NOTE
r-devel-windows-x86_64 0.1.3 58.00 618.00 676.00 OK
r-patched-linux-x86_64 0.1.3 33.32 317.52 350.84 OK
r-release-linux-x86_64 0.1.3 25.27 315.27 340.54 OK
r-release-macos-arm64 0.1.3 142.00 NOTE
r-release-macos-x86_64 0.1.3 184.00 NOTE
r-release-windows-x86_64 0.1.3 50.00 604.00 654.00 OK
r-oldrel-macos-arm64 0.1.3 155.00 NOTE
r-oldrel-macos-x86_64 0.1.3 196.00 NOTE
r-oldrel-windows-ix86+x86_64 0.1.3 62.00 598.00 660.00 OK

Check Details

Version: 0.1.3
Check: dependencies in R code
Result: NOTE
    Namespaces in Imports field not imported from:
     ‘UpSetR’ ‘alluvial’ ‘gridBase’
     All declared Imports should be used.
Flavors: r-devel-linux-x86_64-fedora-clang, r-devel-linux-x86_64-fedora-gcc, r-release-macos-arm64, r-release-macos-x86_64, r-oldrel-macos-arm64, r-oldrel-macos-x86_64