CRAN Package Check Results for Package StrathE2E2

Last updated on 2021-11-26 19:53:07 CET.

Flavor Version Tinstall Tcheck Ttotal Status Flags
r-devel-linux-x86_64-debian-clang 3.3.0 46.50 278.52 325.02 NOTE
r-devel-linux-x86_64-debian-gcc 3.3.0 41.10 204.49 245.59 NOTE
r-devel-linux-x86_64-fedora-clang 3.3.0 404.45 NOTE
r-devel-linux-x86_64-fedora-gcc 3.3.0 400.14 NOTE
r-devel-windows-x86_64-new-UL 3.3.0 92.00 350.00 442.00 NOTE
r-devel-windows-x86_64-new-TK 3.3.0 NOTE
r-devel-windows-x86_64-old 3.3.0 58.00 273.00 331.00 NOTE
r-patched-linux-x86_64 3.3.0 48.75 276.17 324.92 NOTE
r-patched-solaris-x86 3.3.0 606.10 NOTE
r-release-linux-x86_64 3.3.0 NOTE
r-release-macos-arm64 3.3.0 NOTE
r-release-macos-x86_64 3.3.0 NOTE
r-release-windows-ix86+x86_64 3.3.0 90.00 500.00 590.00 NOTE
r-oldrel-macos-x86_64 3.3.0 NOTE
r-oldrel-windows-ix86+x86_64 3.3.0 62.00 492.00 554.00 NOTE

Check Details

Version: 3.3.0
Check: package dependencies
Result: NOTE
    Package suggested but not available for checking: 'StrathE2E2examples'
Flavors: r-devel-linux-x86_64-debian-clang, r-devel-linux-x86_64-debian-gcc, r-devel-linux-x86_64-fedora-clang, r-devel-linux-x86_64-fedora-gcc, r-devel-windows-x86_64-new-UL, r-devel-windows-x86_64-new-TK, r-devel-windows-x86_64-old, r-patched-linux-x86_64, r-patched-solaris-x86, r-release-linux-x86_64, r-release-macos-arm64, r-release-macos-x86_64, r-release-windows-ix86+x86_64, r-oldrel-macos-x86_64, r-oldrel-windows-ix86+x86_64

Version: 3.3.0
Check: LazyData
Result: NOTE
     'LazyData' is specified without a 'data' directory
Flavors: r-devel-linux-x86_64-debian-clang, r-devel-linux-x86_64-debian-gcc, r-devel-linux-x86_64-fedora-clang, r-devel-linux-x86_64-fedora-gcc, r-devel-windows-x86_64-new-UL, r-devel-windows-x86_64-new-TK, r-devel-windows-x86_64-old, r-patched-linux-x86_64, r-patched-solaris-x86, r-release-linux-x86_64, r-release-macos-arm64, r-release-macos-x86_64, r-release-windows-ix86+x86_64