CRAN Package Check Results for Package StepwiseTest

Last updated on 2022-10-01 07:08:11 CEST.

Flavor Version Tinstall Tcheck Ttotal Status Flags
r-devel-linux-x86_64-debian-clang 1.0 34.71 27.30 62.01 OK
r-devel-linux-x86_64-debian-gcc 1.0 25.14 21.49 46.63 OK
r-devel-linux-x86_64-fedora-clang 1.0 98.68 NOTE
r-devel-linux-x86_64-fedora-gcc 1.0 89.26 NOTE
r-devel-windows-x86_64 1.0 36.00 76.00 112.00 OK
r-patched-linux-x86_64 1.0 25.42 26.52 51.94 OK
r-release-linux-x86_64 1.0 26.97 26.65 53.62 OK
r-release-macos-arm64 1.0 27.00 OK
r-release-macos-x86_64 1.0 33.00 OK
r-release-windows-x86_64 1.0 28.00 74.00 102.00 OK
r-oldrel-macos-arm64 1.0 30.00 OK
r-oldrel-macos-x86_64 1.0 42.00 OK
r-oldrel-windows-ix86+x86_64 1.0 80.00 72.00 152.00 OK

Check Details

Version: 1.0
Check: compiled code
Result: NOTE
    File ‘StepwiseTest/libs/StepwiseTest.so’:
     Found no calls to: ‘R_registerRoutines’, ‘R_useDynamicSymbols’
    
    It is good practice to register native routines and to disable symbol
    search.
    
    See ‘Writing portable packages’ in the ‘Writing R Extensions’ manual.
Flavors: r-devel-linux-x86_64-fedora-clang, r-devel-linux-x86_64-fedora-gcc