CRAN Package Check Results for Package StempCens

Last updated on 2022-09-26 21:53:10 CEST.

Flavor Version Tinstall Tcheck Ttotal Status Flags
r-devel-linux-x86_64-debian-clang 1.1.0 50.39 121.71 172.10 NOTE
r-devel-linux-x86_64-debian-gcc 1.1.0 45.93 90.98 136.91 NOTE
r-devel-linux-x86_64-fedora-clang 1.1.0 238.17 NOTE
r-devel-linux-x86_64-fedora-gcc 1.1.0 237.13 NOTE
r-devel-windows-x86_64 1.1.0 52.00 163.00 215.00 NOTE
r-patched-linux-x86_64 1.1.0 50.64 113.05 163.69 OK
r-release-linux-x86_64 1.1.0 49.43 112.68 162.11 OK
r-release-macos-arm64 1.1.0 58.00 OK
r-release-macos-x86_64 1.1.0 106.00 OK
r-release-windows-x86_64 1.1.0 196.00 166.00 362.00 OK
r-oldrel-macos-arm64 1.1.0 65.00 NOTE
r-oldrel-macos-x86_64 1.1.0 111.00 OK
r-oldrel-windows-ix86+x86_64 1.1.0 128.00 202.00 330.00 OK

Check Details

Version: 1.1.0
Check: package subdirectories
Result: NOTE
    Problems with news in 'NEWS.md':
    No news entries found.
Flavors: r-devel-linux-x86_64-debian-clang, r-devel-linux-x86_64-debian-gcc, r-devel-linux-x86_64-fedora-clang, r-devel-linux-x86_64-fedora-gcc, r-devel-windows-x86_64

Version: 1.1.0
Check: installed package size
Result: NOTE
     installed size is 5.1Mb
     sub-directories of 1Mb or more:
     libs 4.9Mb
Flavor: r-oldrel-macos-arm64