Last updated on 2023-09-29 12:57:11 CEST.
Flavor | Version | Tinstall | Tcheck | Ttotal | Status | Flags |
---|---|---|---|---|---|---|
r-devel-linux-x86_64-debian-clang | 1.1.0 | 48.95 | 117.75 | 166.70 | NOTE | |
r-devel-linux-x86_64-debian-gcc | 1.1.0 | 37.98 | 87.41 | 125.39 | NOTE | |
r-devel-linux-x86_64-fedora-clang | 1.1.0 | 220.45 | NOTE | |||
r-devel-linux-x86_64-fedora-gcc | 1.1.0 | 237.61 | NOTE | |||
r-devel-windows-x86_64 | 1.1.0 | 42.00 | 122.00 | 164.00 | NOTE | |
r-patched-linux-x86_64 | 1.1.0 | 49.26 | 109.24 | 158.50 | NOTE | |
r-release-linux-x86_64 | 1.1.0 | 51.23 | 110.77 | 162.00 | NOTE | |
r-release-macos-arm64 | 1.1.0 | 55.00 | NOTE | |||
r-release-macos-x86_64 | 1.1.0 | 101.00 | NOTE | |||
r-release-windows-x86_64 | 1.1.0 | 59.00 | 145.00 | 204.00 | NOTE | |
r-oldrel-macos-arm64 | 1.1.0 | 58.00 | OK | |||
r-oldrel-macos-x86_64 | 1.1.0 | 106.00 | OK | |||
r-oldrel-windows-x86_64 | 1.1.0 | 55.00 | 142.00 | 197.00 | OK |
Version: 1.1.0
Check: C++ specification
Result: NOTE
Specified C++11: please drop specification unless essential
Flavors: r-devel-linux-x86_64-debian-clang, r-devel-linux-x86_64-debian-gcc, r-devel-linux-x86_64-fedora-clang, r-devel-linux-x86_64-fedora-gcc, r-devel-windows-x86_64, r-patched-linux-x86_64, r-release-linux-x86_64, r-release-macos-arm64, r-release-macos-x86_64, r-release-windows-x86_64
Version: 1.1.0
Check: package subdirectories
Result: NOTE
Problems with news in ‘NEWS.md’:
No news entries found.
Flavors: r-devel-linux-x86_64-debian-clang, r-devel-linux-x86_64-debian-gcc, r-devel-linux-x86_64-fedora-clang, r-devel-linux-x86_64-fedora-gcc, r-devel-windows-x86_64, r-patched-linux-x86_64, r-release-linux-x86_64, r-release-macos-arm64, r-release-macos-x86_64, r-release-windows-x86_64