CRAN Package Check Results for Package StanMoMo

Last updated on 2024-02-24 06:50:51 CET.

Flavor Version Tinstall Tcheck Ttotal Status Flags
r-devel-linux-x86_64-debian-clang 1.2.0 725.99 251.31 977.30 NOTE
r-devel-linux-x86_64-debian-gcc 1.2.0 626.34 223.93 850.27 NOTE
r-devel-linux-x86_64-fedora-clang 1.2.0 1185.49 NOTE
r-devel-linux-x86_64-fedora-gcc 1.2.0 1527.04 NOTE
r-devel-windows-x86_64 1.2.0 520.00 247.00 767.00 NOTE
r-patched-linux-x86_64 1.2.0 549.37 300.75 850.12 NOTE
r-release-linux-x86_64 1.2.0 585.16 296.61 881.77 NOTE
r-release-macos-arm64 1.2.0 360.00 NOTE
r-release-macos-x86_64 1.2.0 551.00 NOTE
r-release-windows-x86_64 1.2.0 662.00 312.00 974.00 NOTE
r-oldrel-macos-arm64 1.2.0 325.00 NOTE
r-oldrel-windows-x86_64 1.2.0 630.00 295.00 925.00 NOTE

Check Details

Version: 1.2.0
Check: for GNU extensions in Makefiles
Result: NOTE GNU make is a SystemRequirements. Flavors: r-devel-linux-x86_64-debian-clang, r-devel-linux-x86_64-debian-gcc, r-devel-linux-x86_64-fedora-clang, r-devel-linux-x86_64-fedora-gcc, r-devel-windows-x86_64, r-patched-linux-x86_64, r-release-linux-x86_64, r-release-macos-arm64, r-release-macos-x86_64, r-release-windows-x86_64, r-oldrel-macos-arm64, r-oldrel-windows-x86_64

Version: 1.2.0
Check: installed package size
Result: NOTE installed size is 7.5Mb sub-directories of 1Mb or more: libs 6.7Mb Flavors: r-devel-linux-x86_64-fedora-clang, r-devel-windows-x86_64, r-release-macos-arm64, r-release-macos-x86_64, r-release-windows-x86_64, r-oldrel-macos-arm64, r-oldrel-windows-x86_64

Version: 1.2.0
Check: dependencies in R code
Result: NOTE Namespaces in Imports field not imported from: ‘RcppParallel’ ‘httr’ ‘latex2exp’ ‘rstantools’ ‘tibble’ ‘tidyverse’ ‘utils’ All declared Imports should be used. Flavors: r-devel-linux-x86_64-fedora-clang, r-devel-linux-x86_64-fedora-gcc