CRAN Package Check Results for Package SqlRender

Last updated on 2021-06-20 07:50:26 CEST.

Flavor Version Tinstall Tcheck Ttotal Status Flags
r-devel-linux-x86_64-debian-clang 1.7.0 3.96 70.86 74.82 OK
r-devel-linux-x86_64-debian-gcc 1.7.0 3.13 54.45 57.58 OK
r-devel-linux-x86_64-fedora-clang 1.7.0 98.90 OK
r-devel-linux-x86_64-fedora-gcc 1.7.0 90.63 OK
r-devel-windows-x86_64 1.7.0 7.00 80.00 87.00 OK
r-devel-windows-x86_64-gcc10-UCRT 1.7.0 OK
r-patched-linux-x86_64 1.7.0 4.02 68.48 72.50 OK
r-patched-solaris-x86 1.7.0 107.50 OK
r-release-linux-x86_64 1.7.0 4.08 68.88 72.96 OK
r-release-macos-arm64 1.7.0 ERROR
r-release-macos-x86_64 1.7.0 OK
r-release-windows-ix86+x86_64 1.7.0 10.00 95.00 105.00 OK
r-oldrel-macos-x86_64 1.7.0 OK
r-oldrel-windows-ix86+x86_64 1.7.0 9.00 94.00 103.00 OK

Check Details

Version: 1.7.0
Check: whether package can be installed
Result: ERROR
    Installation failed.
Flavor: r-release-macos-arm64