CRAN Package Check Results for Package SplitReg

Last updated on 2023-02-01 00:52:49 CET.

Flavor Version Tinstall Tcheck Ttotal Status Flags
r-devel-linux-x86_64-debian-clang 1.0.2 47.67 43.16 90.83 OK
r-devel-linux-x86_64-debian-gcc 1.0.2 33.48 31.01 64.49 OK
r-devel-linux-x86_64-fedora-clang 1.0.2 118.36 OK
r-devel-linux-x86_64-fedora-gcc 1.0.2 107.43 OK
r-devel-windows-x86_64 1.0.2 56.00 91.00 147.00 NOTE
r-patched-linux-x86_64 1.0.2 31.17 45.23 76.40 OK
r-release-linux-x86_64 1.0.2 35.03 46.26 81.29 OK
r-release-macos-arm64 1.0.2 36.00 OK
r-release-macos-x86_64 1.0.2 46.00 OK
r-release-windows-x86_64 1.0.2 37.00 93.00 130.00 OK
r-oldrel-macos-arm64 1.0.2 45.00 OK
r-oldrel-macos-x86_64 1.0.2 67.00 OK
r-oldrel-windows-ix86+x86_64 1.0.2 103.00 122.00 225.00 OK

Check Details

Version: 1.0.2
Check: C++ specification
Result: NOTE
     Specified C++11: please update to current default of C++17
Flavor: r-devel-windows-x86_64