CRAN Package Check Results for Package SplitGLM

Last updated on 2021-11-26 19:53:06 CET.

Flavor Version Tinstall Tcheck Ttotal Status Flags
r-devel-linux-x86_64-debian-clang 1.0.2 106.88 33.20 140.08 OK
r-devel-linux-x86_64-debian-gcc 1.0.2 73.04 26.14 99.18 OK
r-devel-linux-x86_64-fedora-clang 1.0.2 229.03 OK
r-devel-linux-x86_64-fedora-gcc 1.0.2 197.35 OK
r-devel-windows-x86_64-new-UL 1.0.2 139.00 102.00 241.00 OK
r-devel-windows-x86_64-new-TK 1.0.2 OK
r-devel-windows-x86_64-old 1.0.2 100.00 66.00 166.00 OK
r-patched-linux-x86_64 1.0.2 92.48 32.24 124.72 OK
r-patched-solaris-x86 1.0.2 185.10 OK
r-release-linux-x86_64 1.0.2 OK
r-release-macos-arm64 1.0.2 NOTE
r-release-macos-x86_64 1.0.2 NOTE
r-release-windows-ix86+x86_64 1.0.2 263.00 62.00 325.00 OK
r-oldrel-macos-x86_64 1.0.2 NOTE
r-oldrel-windows-ix86+x86_64 1.0.2 199.00 79.00 278.00 OK

Check Details

Version: 1.0.2
Check: installed package size
Result: NOTE
     installed size is 6.2Mb
     sub-directories of 1Mb or more:
     libs 6.1Mb
Flavors: r-release-macos-arm64, r-release-macos-x86_64, r-oldrel-macos-x86_64