CRAN Package Check Results for Package SpatialVx

Last updated on 2021-09-20 22:55:54 CEST.

Flavor Version Tinstall Tcheck Ttotal Status Flags
r-devel-linux-x86_64-debian-clang 0.8 36.09 260.39 296.48 OK
r-devel-linux-x86_64-debian-gcc 0.8 25.52 190.30 215.82 OK
r-devel-linux-x86_64-fedora-clang 0.8 353.45 OK
r-devel-linux-x86_64-fedora-gcc 0.8 342.98 OK
r-devel-windows-x86_64 0.8 37.00 227.00 264.00 OK
r-devel-windows-x86_64-gcc10-UCRT 0.8 ERROR
r-patched-linux-x86_64 0.8 39.95 246.66 286.61 OK
r-patched-solaris-x86 0.8 466.00 OK
r-release-linux-x86_64 0.8 30.25 246.38 276.63 OK
r-release-macos-arm64 0.8 OK
r-release-macos-x86_64 0.8 OK
r-release-windows-ix86+x86_64 0.8 64.00 300.00 364.00 OK
r-oldrel-macos-x86_64 0.8 OK
r-oldrel-windows-ix86+x86_64 0.8 63.00 221.00 284.00 OK

Check Details

Version: 0.8
Check: whether package can be installed
Result: WARN
    Found the following significant warnings:
     WARNING: installation-time patches will not be applied, could not get the patches index
Flavor: r-devel-windows-x86_64-gcc10-UCRT

Version: 0.8
Check: PDF version of manual
Result: WARN
    LaTeX errors when creating PDF version.
    This typically indicates Rd problems.
Flavor: r-devel-windows-x86_64-gcc10-UCRT

Version: 0.8
Check: PDF version of manual without hyperrefs or index
Result: ERROR
    Re-running with no redirection of stdout/stderr.
Flavor: r-devel-windows-x86_64-gcc10-UCRT