CRAN Package Check Results for Package SpatialKDE

Last updated on 2021-06-18 22:54:45 CEST.

Flavor Version Tinstall Tcheck Ttotal Status Flags
r-devel-linux-x86_64-debian-clang 0.6.2 28.16 125.86 154.02 NOTE
r-devel-linux-x86_64-debian-gcc 0.6.2 21.24 93.06 114.30 NOTE
r-devel-linux-x86_64-fedora-clang 0.6.2 201.40 NOTE
r-devel-linux-x86_64-fedora-gcc 0.6.2 187.17 NOTE
r-devel-windows-x86_64 0.6.2 37.00 158.00 195.00 NOTE
r-devel-windows-x86_64-gcc10-UCRT 0.6.2 ERROR
r-patched-linux-x86_64 0.6.2 23.48 118.60 142.08 NOTE
r-patched-solaris-x86 0.6.2 239.10 NOTE
r-release-linux-x86_64 0.6.2 25.87 117.33 143.20 NOTE
r-release-macos-arm64 0.6.2 WARN
r-release-macos-x86_64 0.6.2 NOTE
r-release-windows-ix86+x86_64 0.6.2 68.00 210.00 278.00 NOTE
r-oldrel-macos-x86_64 0.6.2 OK
r-oldrel-windows-ix86+x86_64 0.6.2 44.00 157.00 201.00 OK

Check Details

Version: 0.6.2
Check: LazyData
Result: NOTE
     'LazyData' is specified without a 'data' directory
Flavors: r-devel-linux-x86_64-debian-clang, r-devel-linux-x86_64-debian-gcc, r-devel-linux-x86_64-fedora-clang, r-devel-linux-x86_64-fedora-gcc, r-devel-windows-x86_64, r-patched-linux-x86_64, r-patched-solaris-x86, r-release-linux-x86_64, r-release-macos-arm64, r-release-macos-x86_64, r-release-windows-ix86+x86_64

Version: 0.6.2
Check: package dependencies
Result: ERROR
    Package required but not available: 'sf'
    
    Package suggested but not available for checking: 'tmap'
    
    See section 'The DESCRIPTION file' in the 'Writing R Extensions'
    manual.
Flavor: r-devel-windows-x86_64-gcc10-UCRT

Version: 0.6.2
Check: package dependencies
Result: NOTE
    Package suggested but not available for checking: ‘tmap’
Flavor: r-release-macos-arm64

Version: 0.6.2
Check: re-building of vignette outputs
Result: WARN
    Error(s) in re-building vignettes:
    --- re-building ‘SpatialKDE.Rmd’ using rmarkdown
    Warning in engine$weave(file, quiet = quiet, encoding = enc) :
     Pandoc (>= 1.12.3) not available. Falling back to R Markdown v1.
    Linking to GEOS 3.9.1, GDAL 3.2.1, PROJ 7.2.1
    
    Attaching package: 'dplyr'
    
    The following objects are masked from 'package:stats':
    
     filter, lag
    
    The following objects are masked from 'package:base':
    
     intersect, setdiff, setequal, union
    
    Quitting from lines 26-31 (SpatialKDE.Rmd)
    Error: processing vignette 'SpatialKDE.Rmd' failed with diagnostics:
    there is no package called 'tmap'
    --- failed re-building ‘SpatialKDE.Rmd’
    
    SUMMARY: processing the following file failed:
     ‘SpatialKDE.Rmd’
    
    Error: Vignette re-building failed.
    Execution halted
Flavor: r-release-macos-arm64