CRAN Package Check Results for Package SpatEntropy

Last updated on 2021-09-25 22:54:21 CEST.

Flavor Version Tinstall Tcheck Ttotal Status Flags
r-devel-linux-x86_64-debian-clang 2.0-1 9.00 93.93 102.93 OK
r-devel-linux-x86_64-debian-gcc 2.0-1 8.55 69.69 78.24 OK
r-devel-linux-x86_64-fedora-clang 2.0-1 128.33 NOTE
r-devel-linux-x86_64-fedora-gcc 2.0-1 118.47 NOTE
r-devel-windows-x86_64 2.0-1 9.00 87.00 96.00 OK
r-devel-windows-x86_64-gcc10-UCRT 2.0-1 NOTE
r-patched-linux-x86_64 2.0-1 10.17 86.60 96.77 OK
r-patched-solaris-x86 2.0-1 172.90 NOTE
r-release-linux-x86_64 2.0-1 9.43 86.94 96.37 OK
r-release-macos-arm64 2.0-1 NOTE
r-release-macos-x86_64 2.0-1 NOTE
r-release-windows-ix86+x86_64 2.0-1 21.00 114.00 135.00 OK
r-oldrel-macos-x86_64 2.0-1 NOTE
r-oldrel-windows-ix86+x86_64 2.0-1 14.00 86.00 100.00 OK

Check Details

Version: 2.0-1
Check: dependencies in R code
Result: NOTE
    Namespace in Imports field not imported from: ‘spatstat.linnet’
     All declared Imports should be used.
Flavors: r-devel-linux-x86_64-fedora-clang, r-devel-linux-x86_64-fedora-gcc, r-devel-windows-x86_64-gcc10-UCRT, r-patched-solaris-x86, r-release-macos-arm64, r-release-macos-x86_64, r-oldrel-macos-x86_64