CRAN Package Check Results for Package SparseM

Last updated on 2024-05-29 13:09:36 CEST.

Flavor Version Tinstall Tcheck Ttotal Status Flags
r-devel-linux-x86_64-debian-clang 1.81 18.09 55.84 73.93 NOTE
r-devel-linux-x86_64-debian-gcc 1.82 8.87 41.08 49.95 OK
r-devel-linux-x86_64-fedora-clang 1.82 98.76 OK
r-devel-linux-x86_64-fedora-gcc 1.82 98.26 OK
r-devel-windows-x86_64 1.82 24.00 71.00 95.00 OK
r-patched-linux-x86_64 1.81 15.23 54.59 69.82 WARN
r-release-linux-x86_64 1.81 13.71 54.31 68.02 NOTE
r-release-macos-arm64 1.82 63.00 OK
r-release-windows-x86_64 1.82 22.00 87.00 109.00 OK
r-oldrel-macos-arm64 1.82 66.00 OK
r-oldrel-macos-x86_64 1.81 65.00 OK
r-oldrel-windows-x86_64 1.81 24.00 78.00 102.00 OK

Check Details

Version: 1.81
Check: Rd files
Result: NOTE checkRd: (-1) lsq.Rd:12-13: Lost braces in \itemize; meant \describe ? checkRd: (-1) lsq.Rd:13-14: Lost braces in \itemize; meant \describe ? checkRd: (-1) lsq.Rd:14-15: Lost braces in \itemize; meant \describe ? checkRd: (-1) lsq.Rd:15-16: Lost braces in \itemize; meant \describe ? checkRd: (-1) lsq.Rd:17-18: Lost braces in \itemize; meant \describe ? checkRd: (-1) lsq.Rd:19-20: Lost braces in \itemize; meant \describe ? checkRd: (-1) lsq.Rd:21-22: Lost braces in \itemize; meant \describe ? checkRd: (-1) lsq.Rd:22-23: Lost braces in \itemize; meant \describe ? checkRd: (-1) lsq.Rd:24: Lost braces in \itemize; meant \describe ? checkRd: (-1) lsq.Rd:25: Lost braces in \itemize; meant \describe ? checkRd: (-1) lsq.Rd:26-27: Lost braces in \itemize; meant \describe ? Flavors: r-devel-linux-x86_64-debian-clang, r-patched-linux-x86_64, r-release-linux-x86_64

Version: 1.81
Check: whether package can be installed
Result: WARN Found the following significant warnings: Warning: Fortran 2018 deleted feature: Arithmetic IF statement at (1) See ‘/home/hornik/tmp/R.check/r-patched-gcc/Work/PKGS/SparseM.Rcheck/00install.out’ for details. * used C compiler: ‘gcc-13 (Debian 13.2.0-25) 13.2.0’ * used Fortran compiler: ‘GNU Fortran (Debian 13.2.0-25) 13.2.0’ Flavor: r-patched-linux-x86_64