CRAN Package Check Results for Package SpaDES.addins

Last updated on 2021-06-23 22:54:32 CEST.

Flavor Version Tinstall Tcheck Ttotal Status Flags
r-devel-linux-x86_64-debian-clang 0.1.3 15.85 146.13 161.98 OK
r-devel-linux-x86_64-debian-gcc 0.1.3 13.85 107.88 121.73 OK
r-devel-linux-x86_64-fedora-clang 0.1.3 213.32 NOTE
r-devel-linux-x86_64-fedora-gcc 0.1.3 188.31 NOTE
r-devel-windows-x86_64 0.1.3 23.00 156.00 179.00 OK
r-devel-windows-x86_64-gcc10-UCRT 0.1.3 ERROR
r-patched-linux-x86_64 0.1.3 15.79 135.41 151.20 OK
r-patched-solaris-x86 0.1.3 292.80 NOTE
r-release-linux-x86_64 0.1.3 15.05 134.04 149.09 OK
r-release-macos-arm64 0.1.3 NOTE
r-release-macos-x86_64 0.1.3 NOTE
r-release-windows-ix86+x86_64 0.1.3 26.00 107.00 133.00 OK
r-oldrel-macos-x86_64 0.1.3 NOTE

Check Details

Version: 0.1.3
Check: dependencies in R code
Result: NOTE
    Namespaces in Imports field not imported from:
     ‘devtools’ ‘rstudioapi’
     All declared Imports should be used.
Flavors: r-devel-linux-x86_64-fedora-clang, r-devel-linux-x86_64-fedora-gcc, r-patched-solaris-x86, r-release-macos-arm64, r-release-macos-x86_64, r-oldrel-macos-x86_64

Version: 0.1.3
Check: package dependencies
Result: ERROR
    Package required but not available: 'devtools'
    
    Package suggested but not available for checking: 'covr'
    
    See section 'The DESCRIPTION file' in the 'Writing R Extensions'
    manual.
Flavor: r-devel-windows-x86_64-gcc10-UCRT