CRAN Package Check Results for Package SmCCNet

Last updated on 2021-09-19 13:49:36 CEST.

Flavor Version Tinstall Tcheck Ttotal Status Flags
r-devel-linux-x86_64-debian-clang 0.99.0 5.18 35.17 40.35 OK
r-devel-linux-x86_64-debian-gcc 0.99.0 3.39 27.35 30.74 OK
r-devel-linux-x86_64-fedora-clang 0.99.0 57.85 OK
r-devel-linux-x86_64-fedora-gcc 0.99.0 49.28 OK
r-devel-windows-x86_64 0.99.0 5.00 44.00 49.00 OK
r-devel-windows-x86_64-gcc10-UCRT 0.99.0 ERROR
r-patched-linux-x86_64 0.99.0 4.86 33.82 38.68 OK
r-patched-solaris-x86 0.99.0 73.40 OK
r-release-linux-x86_64 0.99.0 4.30 34.08 38.38 OK
r-release-macos-arm64 0.99.0 OK
r-release-macos-x86_64 0.99.0 OK
r-release-windows-ix86+x86_64 0.99.0 8.00 52.00 60.00 OK
r-oldrel-macos-x86_64 0.99.0 OK
r-oldrel-windows-ix86+x86_64 0.99.0 8.00 42.00 50.00 OK

Check Details

Version: 0.99.0
Check: whether package can be installed
Result: WARN
    Found the following significant warnings:
     WARNING: installation-time patches will not be applied, could not get the patches index
Flavor: r-devel-windows-x86_64-gcc10-UCRT

Version: 0.99.0
Check: PDF version of manual
Result: WARN
    LaTeX errors when creating PDF version.
    This typically indicates Rd problems.
Flavor: r-devel-windows-x86_64-gcc10-UCRT

Version: 0.99.0
Check: PDF version of manual without hyperrefs or index
Result: ERROR
    Re-running with no redirection of stdout/stderr.
Flavor: r-devel-windows-x86_64-gcc10-UCRT