CRAN Package Check Results for Package SimReg

Last updated on 2024-02-22 06:51:54 CET.

Flavor Version Tinstall Tcheck Ttotal Status Flags
r-devel-linux-x86_64-debian-clang 3.3 NOTE
r-devel-linux-x86_64-debian-gcc 3.4 36.62 68.55 105.17 OK
r-devel-linux-x86_64-fedora-clang 3.4 193.71 OK
r-devel-linux-x86_64-fedora-gcc 3.4 201.90 OK
r-devel-windows-x86_64 3.3 37.00 108.00 145.00 NOTE
r-patched-linux-x86_64 3.3 45.56 94.02 139.58 NOTE
r-release-linux-x86_64 3.3 48.41 93.08 141.49 NOTE
r-release-macos-arm64 3.4 64.00 OK
r-release-macos-x86_64 3.4 120.00 OK
r-release-windows-x86_64 3.4 36.00 128.00 164.00 OK
r-oldrel-macos-arm64 3.4 77.00 OK
r-oldrel-windows-x86_64 3.3 45.00 132.00 177.00 OK

Check Details

Version: 3.3
Check: dependencies in R code
Result: NOTE There are ::: calls to the package's namespace in its code. A package almost never needs to use ::: for its own objects: ‘fg_step_tab_pp’ Flavors: r-devel-linux-x86_64-debian-clang, r-devel-windows-x86_64, r-patched-linux-x86_64, r-release-linux-x86_64

Version: 3.3
Check: Rd metadata
Result: NOTE Invalid package aliases in Rd file 'SimReg-package.Rd': ‘SimReg3-package’ Flavors: r-devel-linux-x86_64-debian-clang, r-devel-windows-x86_64