CRAN Package Check Results for Package SimReg

Last updated on 2021-11-26 19:53:05 CET.

Flavor Version Tinstall Tcheck Ttotal Status Flags
r-devel-linux-x86_64-debian-clang 3.3 42.68 87.49 130.17 OK
r-devel-linux-x86_64-debian-gcc 3.3 29.07 66.27 95.34 OK
r-devel-linux-x86_64-fedora-clang 3.3 184.66 NOTE
r-devel-linux-x86_64-fedora-gcc 3.3 157.85 NOTE
r-devel-windows-x86_64-new-UL 3.3 57.00 163.00 220.00 OK
r-devel-windows-x86_64-new-TK 3.3 NOTE
r-devel-windows-x86_64-old 3.3 42.00 98.00 140.00 OK
r-patched-linux-x86_64 3.3 38.76 82.74 121.50 OK
r-patched-solaris-x86 3.3 138.70 NOTE
r-release-linux-x86_64 3.3 OK
r-release-macos-arm64 3.3 NOTE
r-release-macos-x86_64 3.3 NOTE
r-release-windows-ix86+x86_64 3.3 102.00 147.00 249.00 OK
r-oldrel-macos-x86_64 3.3 NOTE
r-oldrel-windows-ix86+x86_64 3.3 71.00 142.00 213.00 OK

Check Details

Version: 3.3
Check: dependencies in R code
Result: NOTE
    Namespace in Imports field not imported from: ‘Rcpp’
     All declared Imports should be used.
Flavors: r-devel-linux-x86_64-fedora-clang, r-devel-linux-x86_64-fedora-gcc, r-devel-windows-x86_64-new-TK, r-patched-solaris-x86, r-release-macos-arm64, r-release-macos-x86_64, r-oldrel-macos-x86_64