CRAN Package Check Results for Package SimMultiCorrData

Last updated on 2021-09-25 13:52:02 CEST.

Flavor Version Tinstall Tcheck Ttotal Status Flags
r-devel-linux-x86_64-debian-clang 0.2.2 28.90 406.92 435.82 OK
r-devel-linux-x86_64-debian-gcc 0.2.2 23.24 300.66 323.90 OK
r-devel-linux-x86_64-fedora-clang 0.2.2 519.10 NOTE
r-devel-linux-x86_64-fedora-gcc 0.2.2 537.40 OK
r-devel-windows-x86_64 0.2.2 30.00 352.00 382.00 OK
r-devel-windows-x86_64-gcc10-UCRT 0.2.2 OK
r-patched-linux-x86_64 0.2.2 21.14 410.77 431.91 OK
r-patched-solaris-x86 0.2.2 317.60 OK
r-release-linux-x86_64 0.2.2 26.56 417.79 444.35 OK
r-release-macos-arm64 0.2.2 OK
r-release-macos-x86_64 0.2.2 OK
r-release-windows-ix86+x86_64 0.2.2 54.00 504.00 558.00 OK
r-oldrel-macos-x86_64 0.2.2 OK
r-oldrel-windows-ix86+x86_64 0.2.2 39.00 352.00 391.00 OK

Check Details

Version: 0.2.2
Check: Rd cross-references
Result: NOTE
    Undeclared packages ‘BinNonNor’, ‘PoisNor’, ‘PoisBinOrdNor’, ‘PoisBinOrdNonNor’ in Rd xrefs
Flavor: r-devel-linux-x86_64-fedora-clang