CRAN Package Check Results for Package SimDesign

Last updated on 2021-06-14 07:48:50 CEST.

Flavor Version Tinstall Tcheck Ttotal Status Flags
r-devel-linux-x86_64-debian-clang 2.5 9.73 114.45 124.18 OK
r-devel-linux-x86_64-debian-gcc 2.5 8.86 85.82 94.68 OK
r-devel-linux-x86_64-fedora-clang 2.5 154.09 OK
r-devel-linux-x86_64-fedora-gcc 2.5 151.33 OK
r-devel-windows-x86_64 2.5 17.00 149.00 166.00 OK
r-devel-windows-x86_64-gcc10-UCRT 2.5 OK
r-patched-linux-x86_64 2.5 11.23 107.90 119.13 OK
r-patched-solaris-x86 2.5 183.50 NOTE
r-release-linux-x86_64 2.5 10.14 107.75 117.89 OK
r-release-macos-arm64 2.3 NOTE
r-release-macos-x86_64 2.5 NOTE
r-release-windows-ix86+x86_64 2.5 17.00 119.00 136.00 OK
r-oldrel-macos-x86_64 2.5 NOTE
r-oldrel-windows-ix86+x86_64 2.5 31.00 148.00 179.00 OK

Check Details

Version: 2.5
Check: installed package size
Result: NOTE
     installed size is 5.1Mb
     sub-directories of 1Mb or more:
     doc 4.5Mb
Flavor: r-patched-solaris-x86

Version: 2.3
Check: package dependencies
Result: NOTE
    Package suggested but not available for checking: ‘doMPI’
Flavor: r-release-macos-arm64

Version: 2.5
Check: package dependencies
Result: NOTE
    Package suggested but not available for checking: ‘doMPI’
Flavors: r-release-macos-x86_64, r-oldrel-macos-x86_64