Last updated on 2023-02-08 06:56:38 CET.
Flavor | Version | Tinstall | Tcheck | Ttotal | Status | Flags |
---|---|---|---|---|---|---|
r-devel-linux-x86_64-debian-clang | 0.1.1 | 18.39 | 254.22 | 272.61 | NOTE | |
r-devel-linux-x86_64-debian-gcc | 0.1.1 | 16.25 | 183.65 | 199.90 | NOTE | |
r-devel-linux-x86_64-fedora-clang | 0.1.1 | 330.17 | NOTE | |||
r-devel-linux-x86_64-fedora-gcc | 0.1.1 | 330.20 | NOTE | |||
r-devel-windows-x86_64 | 0.1.1 | 48.00 | 282.00 | 330.00 | NOTE | |
r-patched-linux-x86_64 | 0.1.1 | 14.53 | 227.18 | 241.71 | NOTE | |
r-release-linux-x86_64 | 0.1.1 | 18.56 | 223.98 | 242.54 | NOTE | |
r-release-macos-arm64 | 0.1.1 | 81.00 | NOTE | |||
r-release-macos-x86_64 | 0.1.1 | 151.00 | NOTE | |||
r-release-windows-x86_64 | 0.1.1 | 64.00 | 283.00 | 347.00 | NOTE | |
r-oldrel-macos-arm64 | 0.1.1 | 116.00 | NOTE | |||
r-oldrel-macos-x86_64 | 0.1.1 | 172.00 | NOTE | |||
r-oldrel-windows-ix86+x86_64 | 0.1.1 | 41.00 | 280.00 | 321.00 | NOTE |
Version: 0.1.1
Check: LazyData
Result: NOTE
'LazyData' is specified without a 'data' directory
Flavors: r-devel-linux-x86_64-debian-clang, r-devel-linux-x86_64-debian-gcc, r-devel-linux-x86_64-fedora-clang, r-devel-linux-x86_64-fedora-gcc, r-devel-windows-x86_64, r-patched-linux-x86_64, r-release-linux-x86_64, r-release-macos-arm64, r-release-macos-x86_64, r-release-windows-x86_64, r-oldrel-macos-arm64, r-oldrel-macos-x86_64, r-oldrel-windows-ix86+x86_64
Version: 0.1.1
Check: dependencies in R code
Result: NOTE
Namespaces in Imports field not imported from:
‘MASS’ ‘grid’
All declared Imports should be used.
Flavors: r-devel-linux-x86_64-fedora-clang, r-devel-linux-x86_64-fedora-gcc, r-release-macos-arm64, r-release-macos-x86_64, r-oldrel-macos-arm64, r-oldrel-macos-x86_64
Version: 0.1.1
Check: Rd cross-references
Result: NOTE
Undeclared packages ‘GenOrd’, ‘PoisNor’ in Rd xrefs
Flavor: r-devel-linux-x86_64-fedora-clang