CRAN Package Check Results for Package SigOptR

Last updated on 2021-08-02 22:54:50 CEST.

Flavor Version Tinstall Tcheck Ttotal Status Flags
r-devel-linux-x86_64-debian-clang 0.0.1 2.03 20.86 22.89 NOTE
r-devel-linux-x86_64-debian-gcc 0.0.1 1.63 16.85 18.48 NOTE
r-devel-linux-x86_64-fedora-clang 0.0.1 37.90 NOTE
r-devel-linux-x86_64-fedora-gcc 0.0.1 27.05 NOTE
r-devel-windows-x86_64 0.0.1 2.00 36.00 38.00 NOTE
r-devel-windows-x86_64-gcc10-UCRT 0.0.1 NOTE
r-patched-linux-x86_64 0.0.1 NOTE
r-patched-solaris-x86 0.0.1 41.90 NOTE
r-release-linux-x86_64 0.0.1 1.94 20.58 22.52 NOTE
r-release-macos-arm64 0.0.1 NOTE
r-release-macos-x86_64 0.0.1 NOTE
r-release-windows-ix86+x86_64 0.0.1 4.00 27.00 31.00 NOTE
r-oldrel-macos-x86_64 0.0.1 OK
r-oldrel-windows-ix86+x86_64 0.0.1 3.00 35.00 38.00 OK

Check Details

Version: 0.0.1
Check: LazyData
Result: NOTE
     'LazyData' is specified without a 'data' directory
Flavors: r-devel-linux-x86_64-debian-clang, r-devel-linux-x86_64-debian-gcc, r-devel-linux-x86_64-fedora-clang, r-devel-linux-x86_64-fedora-gcc, r-devel-windows-x86_64, r-devel-windows-x86_64-gcc10-UCRT, r-patched-linux-x86_64, r-patched-solaris-x86, r-release-linux-x86_64, r-release-macos-arm64, r-release-macos-x86_64, r-release-windows-ix86+x86_64