CRAN Package Check Results for Package Sieve

Last updated on 2023-02-08 18:51:33 CET.

Flavor Version Tinstall Tcheck Ttotal Status Flags
r-devel-linux-x86_64-debian-clang 1.0 39.77 75.86 115.63 NOTE
r-devel-linux-x86_64-debian-gcc 1.0 31.46 55.62 87.08 NOTE
r-devel-linux-x86_64-fedora-clang 1.0 151.86 NOTE
r-devel-linux-x86_64-fedora-gcc 1.0 157.40 NOTE
r-devel-windows-x86_64 1.0 43.00 113.00 156.00 NOTE
r-patched-linux-x86_64 1.0 38.69 70.56 109.25 OK
r-release-linux-x86_64 1.0 37.14 69.80 106.94 OK
r-release-macos-arm64 1.0 36.00 OK
r-release-macos-x86_64 1.0 56.00 OK
r-release-windows-x86_64 1.0 36.00 125.00 161.00 OK
r-oldrel-macos-arm64 1.0 40.00 OK
r-oldrel-macos-x86_64 1.0 55.00 OK
r-oldrel-windows-ix86+x86_64 1.0 97.00 131.00 228.00 OK

Check Details

Version: 1.0
Check: C++ specification
Result: NOTE
     Specified C++11: please update to current default of C++17
Flavors: r-devel-linux-x86_64-debian-clang, r-devel-windows-x86_64

Version: 1.0
Check: C++ specification
Result: NOTE
     Specified C++11: please drop specification unless essential
Flavors: r-devel-linux-x86_64-debian-gcc, r-devel-linux-x86_64-fedora-clang, r-devel-linux-x86_64-fedora-gcc