CRAN Package Check Results for Package ShinyTester

Last updated on 2022-10-03 18:52:20 CEST.

Flavor Version Tinstall Tcheck Ttotal Status Flags
r-devel-linux-x86_64-debian-clang 0.1.0 5.52 54.78 60.30 NOTE
r-devel-linux-x86_64-debian-gcc 0.1.0 5.03 39.48 44.51 NOTE
r-devel-linux-x86_64-fedora-clang 0.1.0 87.30 NOTE
r-devel-linux-x86_64-fedora-gcc 0.1.0 86.58 NOTE
r-devel-windows-x86_64 0.1.0 12.00 75.00 87.00 NOTE
r-patched-linux-x86_64 0.1.0 5.84 49.94 55.78 NOTE
r-release-linux-x86_64 0.1.0 4.55 49.52 54.07 NOTE
r-release-macos-arm64 0.1.0 22.00 NOTE
r-release-macos-x86_64 0.1.0 44.00 NOTE
r-release-windows-x86_64 0.1.0 9.00 77.00 86.00 NOTE
r-oldrel-macos-arm64 0.1.0 27.00 NOTE
r-oldrel-macos-x86_64 0.1.0 41.00 NOTE
r-oldrel-windows-ix86+x86_64 0.1.0 15.00 75.00 90.00 NOTE

Check Details

Version: 0.1.0
Check: LazyData
Result: NOTE
     'LazyData' is specified without a 'data' directory
Flavors: r-devel-linux-x86_64-debian-clang, r-devel-linux-x86_64-debian-gcc, r-devel-linux-x86_64-fedora-clang, r-devel-linux-x86_64-fedora-gcc, r-devel-windows-x86_64, r-patched-linux-x86_64, r-release-linux-x86_64, r-release-macos-arm64, r-release-macos-x86_64, r-release-windows-x86_64, r-oldrel-macos-arm64, r-oldrel-macos-x86_64, r-oldrel-windows-ix86+x86_64