CRAN Package Check Results for Package ShinyItemAnalysis

Last updated on 2021-06-21 22:57:16 CEST.

Flavor Version Tinstall Tcheck Ttotal Status Flags
r-devel-linux-x86_64-debian-clang 1.3.7 20.55 174.24 194.79 OK
r-devel-linux-x86_64-debian-gcc 1.3.7 15.53 130.53 146.06 OK
r-devel-linux-x86_64-fedora-clang 1.3.7 251.93 NOTE
r-devel-linux-x86_64-fedora-gcc 1.3.7 229.15 NOTE
r-devel-windows-x86_64 1.3.7 30.00 196.00 226.00 OK
r-devel-windows-x86_64-gcc10-UCRT 1.3.7 ERROR
r-patched-linux-x86_64 1.3.7 24.65 166.37 191.02 OK
r-patched-solaris-x86 1.3.7 337.70 NOTE
r-release-linux-x86_64 1.3.7 18.59 164.83 183.42 OK
r-release-macos-arm64 1.3.7 NOTE
r-release-macos-x86_64 1.3.7 NOTE
r-release-windows-ix86+x86_64 1.3.7 44.00 206.00 250.00 OK
r-oldrel-macos-x86_64 1.3.7 NOTE

Check Details

Version: 1.3.7
Check: package dependencies
Result: NOTE
    Imports includes 34 non-default packages.
    Importing from so many packages makes the package vulnerable to any of
    them becoming unavailable. Move as many as possible to Suggests and
    use conditionally.
Flavor: r-devel-linux-x86_64-fedora-clang

Version: 1.3.7
Check: dependencies in R code
Result: NOTE
    Namespaces in Imports field not imported from:
     ‘DT’ ‘VGAM’ ‘data.table’ ‘ggdendro’ ‘gridExtra’ ‘knitr’
     ‘latticeExtra’ ‘msm’ ‘plotly’ ‘purrr’ ‘shinyBS’ ‘shinydashboard’
     ‘xtable’
     All declared Imports should be used.
Flavors: r-devel-linux-x86_64-fedora-clang, r-devel-linux-x86_64-fedora-gcc, r-patched-solaris-x86, r-release-macos-arm64, r-release-macos-x86_64, r-oldrel-macos-x86_64

Version: 1.3.7
Check: Rd cross-references
Result: NOTE
    Undeclared package ‘CTT’ in Rd xrefs
Flavor: r-devel-linux-x86_64-fedora-clang

Version: 1.3.7
Check: package dependencies
Result: ERROR
    Package required but not available: 'plotly'
    
    See section 'The DESCRIPTION file' in the 'Writing R Extensions'
    manual.
Flavor: r-devel-windows-x86_64-gcc10-UCRT

Version: 1.3.7
Check: installed package size
Result: NOTE
     installed size is 5.1Mb
     sub-directories of 1Mb or more:
     data 1.3Mb
     shiny-examples 3.1Mb
Flavor: r-patched-solaris-x86