CRAN Package Check Results for Package SeuratObject

Last updated on 2022-12-10 07:04:47 CET.

Flavor Version Tinstall Tcheck Ttotal Status Flags
r-devel-linux-x86_64-debian-clang 4.1.3 45.91 167.23 213.14 OK
r-devel-linux-x86_64-debian-gcc 4.1.3 37.93 129.99 167.92 OK
r-devel-linux-x86_64-fedora-clang 4.1.3 276.18 NOTE
r-devel-linux-x86_64-fedora-gcc 4.1.3 262.31 OK
r-devel-windows-x86_64 4.1.3 150.00 262.00 412.00 OK
r-patched-linux-x86_64 4.1.3 47.07 141.38 188.45 OK
r-release-linux-x86_64 4.1.3 41.20 146.47 187.67 OK
r-release-macos-arm64 4.1.3 67.00 OK
r-release-macos-x86_64 4.1.3 88.00 OK
r-release-windows-x86_64 4.1.3 167.00 203.00 370.00 OK
r-oldrel-macos-arm64 4.1.3 74.00 OK
r-oldrel-macos-x86_64 4.1.3 88.00 OK
r-oldrel-windows-ix86+x86_64 4.1.3 110.00 237.00 347.00 OK

Check Details

Version: 4.1.3
Check: Rd cross-references
Result: NOTE
    Undeclared package ‘plotly’ in Rd xrefs
Flavor: r-devel-linux-x86_64-fedora-clang