Last updated on 2023-01-31 19:07:36 CET.
Flavor | Version | Tinstall | Tcheck | Ttotal | Status | Flags |
---|---|---|---|---|---|---|
r-devel-linux-x86_64-debian-clang | 1.0 | 3.71 | 30.90 | 34.61 | NOTE | |
r-devel-linux-x86_64-debian-gcc | 1.0 | 3.56 | 23.61 | 27.17 | NOTE | |
r-devel-linux-x86_64-fedora-clang | 1.0 | 43.24 | NOTE | |||
r-devel-linux-x86_64-fedora-gcc | 1.0 | 44.56 | NOTE | |||
r-devel-windows-x86_64 | 1.0 | 13.00 | 59.00 | 72.00 | NOTE | |
r-patched-linux-x86_64 | 1.0 | 3.87 | 29.26 | 33.13 | NOTE | |
r-release-linux-x86_64 | 1.0 | 3.17 | 31.93 | 35.10 | NOTE | |
r-release-macos-arm64 | 1.0 | 27.00 | NOTE | |||
r-release-macos-x86_64 | 1.0 | 33.00 | NOTE | |||
r-release-windows-x86_64 | 1.0 | 15.00 | 62.00 | 77.00 | NOTE | |
r-oldrel-macos-arm64 | 1.0 | 24.00 | NOTE | |||
r-oldrel-macos-x86_64 | 1.0 | 36.00 | NOTE | |||
r-oldrel-windows-ix86+x86_64 | 1.0 | 8.00 | 54.00 | 62.00 | NOTE |
Version: 1.0
Check: LazyData
Result: NOTE
'LazyData' is specified without a 'data' directory
Flavors: r-devel-linux-x86_64-debian-clang, r-devel-linux-x86_64-debian-gcc, r-devel-linux-x86_64-fedora-clang, r-devel-linux-x86_64-fedora-gcc, r-devel-windows-x86_64, r-patched-linux-x86_64, r-release-linux-x86_64, r-release-macos-arm64, r-release-macos-x86_64, r-release-windows-x86_64, r-oldrel-macos-arm64, r-oldrel-macos-x86_64, r-oldrel-windows-ix86+x86_64