CRAN Package Check Results for Package SVMMaj

Last updated on 2022-09-25 12:56:10 CEST.

Flavor Version Tinstall Tcheck Ttotal Status Flags
r-devel-linux-x86_64-debian-clang 0.2.9.1 9.74 329.94 339.68 NOTE
r-devel-linux-x86_64-debian-gcc 0.2.9.1 10.24 252.77 263.01 NOTE
r-devel-linux-x86_64-fedora-clang 0.2.9.1 397.98 NOTE
r-devel-linux-x86_64-fedora-gcc 0.2.9.1 415.83 NOTE
r-devel-windows-x86_64 0.2.9.1 22.00 335.00 357.00 NOTE
r-patched-linux-x86_64 0.2.9.1 8.30 304.90 313.20 OK
r-release-linux-x86_64 0.2.9.1 7.91 338.67 346.58 OK
r-release-macos-arm64 0.2.9.1 223.00 OK
r-release-macos-x86_64 0.2.9.1 185.00 OK
r-release-windows-x86_64 0.2.9.1 24.00 313.00 337.00 OK
r-oldrel-macos-arm64 0.2.9.1 187.00 OK
r-oldrel-macos-x86_64 0.2.9.1 197.00 OK
r-oldrel-windows-ix86+x86_64 0.2.9.1 23.00 330.00 353.00 OK

Check Details

Version: 0.2.9.1
Check: Rd files
Result: NOTE
    checkRd: (-1) diabetes.Rd:18: Escaped LaTeX specials: \^
Flavors: r-devel-linux-x86_64-debian-clang, r-devel-linux-x86_64-debian-gcc, r-devel-linux-x86_64-fedora-clang, r-devel-linux-x86_64-fedora-gcc, r-devel-windows-x86_64