CRAN Package Check Results for Package SSN

Last updated on 2021-06-19 01:50:37 CEST.

Flavor Version Tinstall Tcheck Ttotal Status Flags
r-devel-linux-x86_64-debian-clang 1.1.15 20.39 201.27 221.66 OK
r-devel-linux-x86_64-debian-gcc 1.1.15 18.99 154.24 173.23 OK
r-devel-linux-x86_64-fedora-clang 1.1.15 278.28 OK
r-devel-linux-x86_64-fedora-gcc 1.1.15 276.71 OK
r-devel-windows-x86_64 1.1.15 40.00 274.00 314.00 OK
r-devel-windows-x86_64-gcc10-UCRT 1.1.15 OK
r-patched-linux-x86_64 1.1.15 24.92 191.84 216.76 OK
r-patched-solaris-x86 1.1.15 378.80 NOTE
r-release-linux-x86_64 1.1.15 18.88 192.09 210.97 OK
r-release-macos-arm64 1.1.15 OK
r-release-macos-x86_64 1.1.15 OK
r-release-windows-ix86+x86_64 1.1.15 56.00 409.00 465.00 OK
r-oldrel-macos-x86_64 1.1.15 OK
r-oldrel-windows-ix86+x86_64 1.1.15 41.00 418.00 459.00 OK

Check Details

Version: 1.1.15
Check: installed package size
Result: NOTE
     installed size is 5.4Mb
     sub-directories of 1Mb or more:
     lsndata 2.9Mb
Flavor: r-patched-solaris-x86