Last updated on 2022-06-26 00:51:49 CEST.
Flavor | Version | Tinstall | Tcheck | Ttotal | Status | Flags |
---|---|---|---|---|---|---|
r-devel-linux-x86_64-debian-clang | 1.1.0 | 25.70 | 141.06 | 166.76 | OK | |
r-devel-linux-x86_64-debian-gcc | 1.1.0 | 24.72 | 108.81 | 133.53 | OK | |
r-devel-linux-x86_64-fedora-clang | 1.1.0 | 229.86 | WARN | |||
r-devel-linux-x86_64-fedora-gcc | 1.1.0 | 213.40 | WARN | |||
r-devel-windows-x86_64 | 1.1.0 | 41.00 | 176.00 | 217.00 | OK | |
r-patched-linux-x86_64 | 1.1.0 | 24.65 | 134.35 | 159.00 | OK | |
r-release-linux-x86_64 | 1.1.0 | 20.92 | 135.99 | 156.91 | OK | |
r-release-macos-arm64 | 1.1.0 | 71.00 | OK | |||
r-release-macos-x86_64 | 1.1.0 | 122.00 | OK | |||
r-release-windows-x86_64 | 1.1.0 | 36.00 | 169.00 | 205.00 | OK | |
r-oldrel-macos-arm64 | 1.1.0 | 67.00 | OK | |||
r-oldrel-macos-x86_64 | 1.1.0 | 91.00 | OK | |||
r-oldrel-windows-ix86+x86_64 | 1.1.0 | 60.00 | 182.00 | 242.00 | OK |
Version: 1.1.0
Check: package dependencies
Result: WARN
Requires orphaned package: ‘gtools’
Flavors: r-devel-linux-x86_64-fedora-clang, r-devel-linux-x86_64-fedora-gcc