CRAN Package Check Results for Package SPSP

Last updated on 2021-11-26 19:53:06 CET.

Flavor Version Tinstall Tcheck Ttotal Status Flags
r-devel-linux-x86_64-debian-clang 0.1.0 24.24 70.50 94.74 OK
r-devel-linux-x86_64-debian-gcc 0.1.0 14.33 55.83 70.16 OK
r-devel-linux-x86_64-fedora-clang 0.1.0 130.52 NOTE
r-devel-linux-x86_64-fedora-gcc 0.1.0 115.84 NOTE
r-devel-windows-x86_64-new-UL 0.1.0 32.00 132.00 164.00 OK
r-devel-windows-x86_64-new-TK 0.1.0 NOTE
r-devel-windows-x86_64-old 0.1.0 24.00 95.00 119.00 OK
r-patched-linux-x86_64 0.1.0 19.29 68.55 87.84 OK
r-patched-solaris-x86 0.1.0 156.20 NOTE
r-release-linux-x86_64 0.1.0 OK
r-release-macos-arm64 0.1.0 NOTE
r-release-macos-x86_64 0.1.0 NOTE
r-release-windows-ix86+x86_64 0.1.0 53.00 100.00 153.00 OK
r-oldrel-macos-x86_64 0.1.0 NOTE
r-oldrel-windows-ix86+x86_64 0.1.0 36.00 138.00 174.00 OK

Check Details

Version: 0.1.0
Check: dependencies in R code
Result: NOTE
    Namespace in Imports field not imported from: ‘MASS’
     All declared Imports should be used.
Flavors: r-devel-linux-x86_64-fedora-clang, r-devel-linux-x86_64-fedora-gcc, r-devel-windows-x86_64-new-TK, r-patched-solaris-x86, r-release-macos-arm64, r-release-macos-x86_64, r-oldrel-macos-x86_64