CRAN Package Check Results for Package SPECIES

Last updated on 2021-10-21 07:50:10 CEST.

Flavor Version Tinstall Tcheck Ttotal Status Flags
r-devel-linux-x86_64-debian-clang 1.0 6.61 29.24 35.85 NOTE
r-devel-linux-x86_64-debian-gcc 1.0 5.06 22.74 27.80 NOTE
r-devel-linux-x86_64-fedora-clang 1.0 53.88 NOTE
r-devel-linux-x86_64-fedora-gcc 1.0 44.84 NOTE
r-devel-windows-x86_64 1.0 11.00 46.00 57.00 NOTE
r-devel-windows-x86_64-gcc10-UCRT 1.0 NOTE
r-patched-linux-x86_64 1.0 5.73 28.94 34.67 NOTE
r-patched-solaris-x86 1.0 70.20 NOTE
r-release-linux-x86_64 1.0 5.46 29.00 34.46 NOTE
r-release-macos-arm64 1.0 NOTE
r-release-macos-x86_64 1.0 NOTE
r-release-windows-ix86+x86_64 1.0 17.00 56.00 73.00 NOTE
r-oldrel-macos-x86_64 1.0 NOTE
r-oldrel-windows-ix86+x86_64 1.0 13.00 52.00 65.00 NOTE

Check Details

Version: 1.0
Check: R code for possible problems
Result: NOTE
    ChaoBunge: no visible global function definition for 'qnorm'
    ChaoLee1992: no visible global function definition for 'qnorm'
    Pmix: no visible global function definition for 'dpois'
    PmixSCon: no visible global function definition for 'dbeta'
    bootPCG: no visible global function definition for 'flush.console'
    bootPCG: no visible global function definition for 'quantile'
    bootPnpmle: no visible global function definition for 'flush.console'
    bootPnpmle: no visible global function definition for 'quantile'
    bootUnpmle: no visible global function definition for 'flush.console'
    bootUnpmle: no visible global function definition for 'quantile'
    chao1984: no visible global function definition for 'qnorm'
    jackknife: no visible global function definition for 'dbinom'
    jackknife: no visible global function definition for 'qnorm'
    pcg: no visible global function definition for 'flush.console'
    unpmle: no visible global function definition for 'flush.console'
    untrunPmix: no visible global function definition for 'dpois'
    Undefined global functions or variables:
     dbeta dbinom dpois flush.console qnorm quantile
    Consider adding
     importFrom("stats", "dbeta", "dbinom", "dpois", "qnorm", "quantile")
     importFrom("utils", "flush.console")
    to your NAMESPACE file.
Flavors: r-devel-linux-x86_64-debian-clang, r-devel-linux-x86_64-debian-gcc, r-devel-linux-x86_64-fedora-clang, r-devel-linux-x86_64-fedora-gcc, r-devel-windows-x86_64, r-devel-windows-x86_64-gcc10-UCRT, r-patched-linux-x86_64, r-patched-solaris-x86, r-release-linux-x86_64, r-release-macos-arm64, r-release-macos-x86_64, r-release-windows-ix86+x86_64, r-oldrel-macos-x86_64, r-oldrel-windows-ix86+x86_64

Version: 1.0
Check: compiled code
Result: NOTE
    File ‘SPECIES/libs/SPECIES.so’:
     Found no calls to: ‘R_registerRoutines’, ‘R_useDynamicSymbols’
    
    It is good practice to register native routines and to disable symbol
    search.
    
    See ‘Writing portable packages’ in the ‘Writing R Extensions’ manual.
Flavors: r-devel-linux-x86_64-fedora-clang, r-devel-linux-x86_64-fedora-gcc