CRAN Package Check Results for Package SPAS

Last updated on 2021-09-16 22:55:46 CEST.

Flavor Version Tinstall Tcheck Ttotal Status Flags
r-devel-linux-x86_64-debian-clang 2020.1.1 77.15 84.40 161.55 OK
r-devel-linux-x86_64-debian-gcc 2020.1.1 62.72 63.68 126.40 OK
r-devel-linux-x86_64-fedora-clang 2020.1.1 247.48 NOTE
r-devel-linux-x86_64-fedora-gcc 2020.1.1 212.47 OK
r-devel-windows-x86_64 2020.1.1 60.00 120.00 180.00 NOTE
r-devel-windows-x86_64-gcc10-UCRT 2020.1.1 OK
r-patched-linux-x86_64 2020.1.1 66.38 94.12 160.50 OK
r-patched-solaris-x86 2020.1.1 238.70 OK
r-release-linux-x86_64 2020.1.1 65.07 93.98 159.05 OK
r-release-macos-arm64 2020.1.1 NOTE
r-release-macos-x86_64 2020.1.1 NOTE
r-release-windows-ix86+x86_64 2020.1.1 138.00 171.00 309.00 NOTE
r-oldrel-macos-x86_64 2020.1.1 NOTE
r-oldrel-windows-ix86+x86_64 2020.1.1 108.00 153.00 261.00 NOTE

Check Details

Version: 2020.1.1
Check: installed package size
Result: NOTE
     installed size is 16.1Mb
     sub-directories of 1Mb or more:
     libs 15.4Mb
Flavors: r-devel-linux-x86_64-fedora-clang, r-devel-windows-x86_64, r-release-macos-arm64, r-release-macos-x86_64, r-release-windows-ix86+x86_64, r-oldrel-macos-x86_64, r-oldrel-windows-ix86+x86_64