CRAN Package Check Results for Package SPARSEMODr

Last updated on 2022-10-03 06:53:33 CEST.

Flavor Version Tinstall Tcheck Ttotal Status Flags
r-devel-linux-x86_64-debian-clang 1.2.0 30.24 612.03 642.27 OK
r-devel-linux-x86_64-debian-gcc 1.2.0 20.92 495.12 516.04 OK
r-devel-linux-x86_64-fedora-clang 1.2.0 802.43 NOTE
r-devel-linux-x86_64-fedora-gcc 1.2.0 865.53 NOTE
r-devel-windows-x86_64 1.2.0 41.00 751.00 792.00 OK
r-patched-linux-x86_64 1.2.0 25.18 674.09 699.27 OK
r-release-linux-x86_64 1.2.0 18.93 657.17 676.10 OK
r-release-macos-arm64 1.2.0 292.00 NOTE
r-release-macos-x86_64 1.2.0 337.00 NOTE
r-release-windows-x86_64 1.2.0 54.00 759.00 813.00 OK
r-oldrel-macos-arm64 1.2.0 295.00 NOTE
r-oldrel-macos-x86_64 1.2.0 342.00 NOTE
r-oldrel-windows-ix86+x86_64 1.2.0 71.00 906.00 977.00 OK

Check Details

Version: 1.2.0
Check: dependencies in R code
Result: NOTE
    Namespaces in Imports field not imported from:
     ‘future’ ‘geosphere’ ‘lubridate’ ‘tidyverse’ ‘viridis’
     All declared Imports should be used.
Flavors: r-devel-linux-x86_64-fedora-clang, r-devel-linux-x86_64-fedora-gcc, r-release-macos-arm64, r-release-macos-x86_64, r-oldrel-macos-arm64, r-oldrel-macos-x86_64