CRAN Package Check Results for Package SOPIE

Last updated on 2021-09-19 13:49:37 CEST.

Flavor Version Tinstall Tcheck Ttotal Status Flags
r-devel-linux-x86_64-debian-clang 1.5 3.45 39.18 42.63 OK
r-devel-linux-x86_64-debian-gcc 1.5 2.92 30.89 33.81 OK
r-devel-linux-x86_64-fedora-clang 1.5 62.06 OK
r-devel-linux-x86_64-fedora-gcc 1.5 51.35 OK
r-devel-windows-x86_64 1.5 4.00 54.00 58.00 OK
r-devel-windows-x86_64-gcc10-UCRT 1.5 ERROR
r-patched-linux-x86_64 1.5 3.80 39.02 42.82 OK
r-patched-solaris-x86 1.5 107.20 OK
r-release-linux-x86_64 1.5 3.17 39.08 42.25 OK
r-release-macos-arm64 1.5 OK
r-release-macos-x86_64 1.5 OK
r-release-windows-ix86+x86_64 1.5 7.00 61.00 68.00 OK
r-oldrel-macos-x86_64 1.5 OK
r-oldrel-windows-ix86+x86_64 1.5 6.00 44.00 50.00 OK

Check Details

Version: 1.5
Check: whether package can be installed
Result: WARN
    Found the following significant warnings:
     WARNING: installation-time patches will not be applied, could not get the patches index
Flavor: r-devel-windows-x86_64-gcc10-UCRT

Version: 1.5
Check: PDF version of manual
Result: WARN
    LaTeX errors when creating PDF version.
    This typically indicates Rd problems.
Flavor: r-devel-windows-x86_64-gcc10-UCRT

Version: 1.5
Check: PDF version of manual without hyperrefs or index
Result: ERROR
    Re-running with no redirection of stdout/stderr.
Flavor: r-devel-windows-x86_64-gcc10-UCRT