CRAN Package Check Results for Package SLOPE

Last updated on 2022-09-29 12:55:39 CEST.

Flavor Version Tinstall Tcheck Ttotal Status Flags
r-devel-linux-x86_64-debian-clang 0.5.0 177.45 185.97 363.42 OK
r-devel-linux-x86_64-debian-gcc 0.5.0 141.00 133.22 274.22 OK
r-devel-linux-x86_64-fedora-clang 0.5.0 544.38 NOTE
r-devel-linux-x86_64-fedora-gcc 0.5.0 490.42 NOTE
r-devel-windows-x86_64 0.5.0 149.00 262.00 411.00 OK
r-patched-linux-x86_64 0.5.0 144.56 177.08 321.64 OK
r-release-linux-x86_64 0.5.0 132.53 173.82 306.35 OK
r-release-macos-arm64 0.5.0 131.00 NOTE
r-release-macos-x86_64 0.5.0 159.00 NOTE
r-release-windows-x86_64 0.5.0 161.00 266.00 427.00 OK
r-oldrel-macos-arm64 0.5.0 133.00 NOTE
r-oldrel-macos-x86_64 0.5.0 158.00 NOTE
r-oldrel-windows-ix86+x86_64 0.5.0 429.00 382.00 811.00 OK

Check Details

Version: 0.5.0
Check: dependencies in R code
Result: NOTE
    Namespaces in Imports field not imported from:
     ‘checkmate’ ‘glmnet’ ‘mice’
     All declared Imports should be used.
Flavors: r-devel-linux-x86_64-fedora-clang, r-devel-linux-x86_64-fedora-gcc, r-release-macos-arm64, r-release-macos-x86_64, r-oldrel-macos-arm64, r-oldrel-macos-x86_64

Version: 0.5.0
Check: installed package size
Result: NOTE
     installed size is 9.4Mb
     sub-directories of 1Mb or more:
     libs 8.9Mb
Flavors: r-release-macos-arm64, r-release-macos-x86_64, r-oldrel-macos-arm64, r-oldrel-macos-x86_64