CRAN Package Check Results for Package SIRE

Last updated on 2022-09-24 21:51:14 CEST.

Flavor Version Tinstall Tcheck Ttotal Status Flags
r-devel-linux-x86_64-debian-clang 1.1.0 3.15 30.39 33.54 OK
r-devel-linux-x86_64-debian-gcc 1.1.0 2.26 24.58 26.84 OK
r-devel-linux-x86_64-fedora-clang 1.1.0 54.83 NOTE
r-devel-linux-x86_64-fedora-gcc 1.1.0 52.55 NOTE
r-devel-windows-x86_64 1.1.0 10.00 60.00 70.00 OK
r-patched-linux-x86_64 1.1.0 3.15 29.88 33.03 OK
r-release-linux-x86_64 1.1.0 3.09 29.53 32.62 OK
r-release-macos-arm64 1.1.0 20.00 NOTE
r-release-macos-x86_64 1.1.0 29.00 NOTE
r-release-windows-x86_64 1.1.0 8.00 57.00 65.00 OK
r-oldrel-macos-arm64 1.1.0 22.00 NOTE
r-oldrel-macos-x86_64 1.1.0 28.00 NOTE
r-oldrel-windows-ix86+x86_64 1.1.0 8.00 55.00 63.00 OK

Check Details

Version: 1.1.0
Check: dependencies in R code
Result: NOTE
    Namespaces in Imports field not imported from:
     ‘dplyr’ ‘magrittr’ ‘psych’ ‘stringr’
     All declared Imports should be used.
Flavors: r-devel-linux-x86_64-fedora-clang, r-devel-linux-x86_64-fedora-gcc, r-release-macos-arm64, r-release-macos-x86_64, r-oldrel-macos-arm64, r-oldrel-macos-x86_64