CRAN Package Check Results for Package SGPdata

Last updated on 2021-09-25 22:54:20 CEST.

Flavor Version Tinstall Tcheck Ttotal Status Flags
r-devel-linux-x86_64-debian-clang 25.0-0.0 71.90 59.94 131.84 OK
r-devel-linux-x86_64-debian-gcc 25.0-0.0 67.80 48.14 115.94 OK
r-devel-linux-x86_64-fedora-clang 25.0-0.0 191.56 NOTE
r-devel-linux-x86_64-fedora-gcc 25.0-0.0 184.38 OK
r-devel-windows-x86_64 25.0-0.0 92.00 61.00 153.00 NOTE
r-devel-windows-x86_64-gcc10-UCRT 25.0-0.0 OK
r-patched-linux-x86_64 25.0-0.0 74.53 56.22 130.75 OK
r-patched-solaris-x86 25.0-0.0 410.90 NOTE
r-release-linux-x86_64 25.0-0.0 73.38 58.10 131.48 OK
r-release-macos-arm64 25.0-0.0 WARN
r-release-macos-x86_64 25.0-0.0 WARN
r-release-windows-ix86+x86_64 25.0-0.0 108.00 86.00 194.00 NOTE
r-oldrel-macos-x86_64 25.0-0.0 WARN
r-oldrel-windows-ix86+x86_64 25.0-0.0 104.00 59.00 163.00 NOTE

Check Details

Version: 25.0-0.0
Check: installed package size
Result: NOTE
     installed size is 7.5Mb
     sub-directories of 1Mb or more:
     data 7.3Mb
Flavors: r-devel-linux-x86_64-fedora-clang, r-devel-windows-x86_64, r-patched-solaris-x86, r-release-macos-arm64, r-release-macos-x86_64, r-release-windows-ix86+x86_64, r-oldrel-macos-x86_64, r-oldrel-windows-ix86+x86_64

Version: 25.0-0.0
Check: re-building of vignette outputs
Result: WARN
    Error(s) in re-building vignettes:
     ...
    --- re-building ‘SGPdata.Rmd’ using rmarkdown
    Pandoc is required to build R Markdown vignettes but not available. Please make sure it is installed.
    Quitting from lines 13-28 (SGPdata.Rmd)
    Error: processing vignette 'SGPdata.Rmd' failed with diagnostics:
    argument is of length zero
    --- failed re-building ‘SGPdata.Rmd’
    
    SUMMARY: processing the following file failed:
     ‘SGPdata.Rmd’
    
    Error: Vignette re-building failed.
    Execution halted
Flavor: r-release-macos-arm64

Version: 25.0-0.0
Check: re-building of vignette outputs
Result: WARN
    Error(s) in re-building vignettes:
     ...
    --- re-building ‘SGPdata.Rmd’ using rmarkdown
    Warning in engine$weave(file, quiet = quiet, encoding = enc) :
     Pandoc (>= 1.12.3) not available. Falling back to R Markdown v1.
    Quitting from lines 13-28 (SGPdata.Rmd)
    Error: processing vignette 'SGPdata.Rmd' failed with diagnostics:
    argument is of length zero
    --- failed re-building ‘SGPdata.Rmd’
    
    SUMMARY: processing the following file failed:
     ‘SGPdata.Rmd’
    
    Error: Vignette re-building failed.
    Execution halted
Flavors: r-release-macos-x86_64, r-oldrel-macos-x86_64