Last updated on 2023-09-30 00:56:18 CEST.
Flavor | Version | Tinstall | Tcheck | Ttotal | Status | Flags |
---|---|---|---|---|---|---|
r-devel-linux-x86_64-debian-clang | 0.1.4 | 50.11 | 28.91 | 79.02 | NOTE | |
r-devel-linux-x86_64-debian-gcc | 0.1.4 | 34.95 | 23.31 | 58.26 | NOTE | |
r-devel-linux-x86_64-fedora-clang | 0.1.4 | 115.56 | NOTE | |||
r-devel-linux-x86_64-fedora-gcc | 0.1.4 | 119.66 | NOTE | |||
r-devel-windows-x86_64 | 0.1.4 | 40.00 | 63.00 | 103.00 | NOTE | |
r-patched-linux-x86_64 | 0.1.4 | 51.87 | 29.20 | 81.07 | NOTE | |
r-release-linux-x86_64 | 0.1.4 | 50.18 | 29.03 | 79.21 | NOTE | |
r-release-macos-arm64 | 0.1.4 | 37.00 | NOTE | |||
r-release-macos-x86_64 | 0.1.4 | 55.00 | NOTE | |||
r-release-windows-x86_64 | 0.1.4 | 50.00 | 72.00 | 122.00 | NOTE | |
r-oldrel-macos-arm64 | 0.1.4 | 33.00 | OK | |||
r-oldrel-macos-x86_64 | 0.1.4 | 45.00 | OK | |||
r-oldrel-windows-x86_64 | 0.1.4 | 49.00 | 71.00 | 120.00 | OK |
Version: 0.1.4
Check: C++ specification
Result: NOTE
Specified C++11: please drop specification unless essential
Flavors: r-devel-linux-x86_64-debian-clang, r-devel-linux-x86_64-debian-gcc, r-devel-linux-x86_64-fedora-clang, r-devel-linux-x86_64-fedora-gcc, r-devel-windows-x86_64, r-patched-linux-x86_64, r-release-linux-x86_64, r-release-macos-arm64, r-release-macos-x86_64, r-release-windows-x86_64